{"id":7843,"date":"2026-04-17T16:28:44","date_gmt":"2026-04-17T14:28:44","guid":{"rendered":"https:\/\/www.reformasvalencia.es\/proyectos\/denia\/"},"modified":"2026-04-17T16:28:44","modified_gmt":"2026-04-17T14:28:44","slug":"denia","status":"publish","type":"proyectos","link":"https:\/\/www.reformasvalencia.es\/fr\/projets\/denia\/","title":{"rendered":"Denia"},"content":{"rendered":"<p>Situ\u00e9e dans l&#8217;embl\u00e9matique quartier de <strong>Ruzafa<\/strong>, cette habitation de 90 m\u00b2 repr\u00e9sente un exercice d&rsquo;\u00e9quilibre entre la r\u00e9cup\u00e9ration du patrimoine architectural et la fonctionnalit\u00e9 du design contemporain. Ce <strong>projet de r\u00e9novation <\/strong>est n\u00e9 avec la volont\u00e9 de pr\u00e9server l&rsquo;essence originelle du bien, mettant \u00e0 nu la structure pour r\u00e9v\u00e9ler la noblesse de ses mat\u00e9riaux. <\/p>\n<p>L&rsquo;intervention valorise le syst\u00e8me de construction traditionnel valencien. Les poutres en bois et les vo\u00fbtes en briques pleines ont \u00e9t\u00e9 m\u00e9ticuleusement restaur\u00e9es, leur chaleur dialoguant avec les nouvelles parois blanches et les mat\u00e9riaux aux tons clairs. Des \u00e9l\u00e9ments en briques apparentes ont \u00e9t\u00e9 conserv\u00e9s comme points d&rsquo;accent, apportant texture et cachet \u00e0 l&rsquo;ensemble.  <\/p>\n<p>Pour renforcer le caract\u00e8re historique, des \u00ab tapis \u00bb de mosa\u00efque c\u00e9ramique ont \u00e9t\u00e9 con\u00e7us pour d\u00e9limiter les pi\u00e8ces, r\u00e9cup\u00e9rant visuellement la tradition des carreaux de ciment mais avec une lecture actuelle. Cette dualit\u00e9 se retrouve \u00e9galement dans les salles de bains, o\u00f9 des mat\u00e9riaux d&rsquo;avant-garde r\u00e9interpr\u00e8tent la g\u00e9om\u00e9trie des anciens carrelages, garantissant un confort moderne sans perdre le fil conducteur de l&rsquo;habitation d&rsquo;origine. Le r\u00e9sultat est un espace fluide et lumineux o\u00f9 <strong>l&rsquo;architecture <\/strong>du pass\u00e9 et la vision du pr\u00e9sent cohabitent en parfaite harmonie.  <\/p>\n","protected":false},"template":"","class_list":["post-7843","proyectos","type-proyectos","status-publish","hentry"],"yoast_head":"<!-- This site is optimized with the Yoast SEO plugin v26.3 - https:\/\/yoast.com\/wordpress\/plugins\/seo\/ -->\n<title>Denia - Cicerone<\/title>\n<meta name=\"description\" content=\"Reformas Valencia a r\u00e9alis\u00e9 la r\u00e9novation compl\u00e8te de cet appartement situ\u00e9 dans le quartier de Ruzafa, \u00e0 Valence.\" \/>\n<meta name=\"robots\" content=\"index, follow, max-snippet:-1, max-image-preview:large, max-video-preview:-1\" \/>\n<link rel=\"canonical\" href=\"https:\/\/www.reformasvalencia.es\/fr\/projets\/denia\/\" \/>\n<meta property=\"og:locale\" content=\"fr_FR\" \/>\n<meta property=\"og:type\" content=\"article\" \/>\n<meta property=\"og:title\" content=\"Denia - Cicerone\" \/>\n<meta property=\"og:description\" content=\"Reformas Valencia a r\u00e9alis\u00e9 la r\u00e9novation compl\u00e8te de cet appartement situ\u00e9 dans le quartier de Ruzafa, \u00e0 Valence.\" \/>\n<meta property=\"og:url\" content=\"https:\/\/www.reformasvalencia.es\/fr\/projets\/denia\/\" \/>\n<meta property=\"og:site_name\" content=\"Cicerone\" \/>\n<meta property=\"og:image\" content=\"https:\/\/www.reformasvalencia.es\/wp-content\/uploads\/2025\/01\/cicerone.jpg\" \/>\n\t<meta property=\"og:image:width\" content=\"1200\" \/>\n\t<meta property=\"og:image:height\" content=\"765\" \/>\n\t<meta property=\"og:image:type\" content=\"image\/jpeg\" \/>\n<meta name=\"twitter:card\" content=\"summary_large_image\" \/>\n<meta name=\"twitter:label1\" content=\"Dur\u00e9e de lecture estim\u00e9e\" \/>\n\t<meta name=\"twitter:data1\" content=\"1 minute\" \/>\n<script type=\"application\/ld+json\" class=\"yoast-schema-graph\">{\"@context\":\"https:\/\/schema.org\",\"@graph\":[{\"@type\":\"WebPage\",\"@id\":\"https:\/\/www.reformasvalencia.es\/fr\/projets\/denia\/\",\"url\":\"https:\/\/www.reformasvalencia.es\/fr\/projets\/denia\/\",\"name\":\"Denia - Cicerone\",\"isPartOf\":{\"@id\":\"https:\/\/www.reformasvalencia.es\/fr\/#website\"},\"datePublished\":\"2026-04-17T14:28:44+00:00\",\"description\":\"Reformas Valencia a r\u00e9alis\u00e9 la r\u00e9novation compl\u00e8te de cet appartement situ\u00e9 dans le quartier de Ruzafa, \u00e0 Valence.\",\"breadcrumb\":{\"@id\":\"https:\/\/www.reformasvalencia.es\/fr\/projets\/denia\/#breadcrumb\"},\"inLanguage\":\"fr-FR\",\"potentialAction\":[{\"@type\":\"ReadAction\",\"target\":[\"https:\/\/www.reformasvalencia.es\/fr\/projets\/denia\/\"]}]},{\"@type\":\"BreadcrumbList\",\"@id\":\"https:\/\/www.reformasvalencia.es\/fr\/projets\/denia\/#breadcrumb\",\"itemListElement\":[{\"@type\":\"ListItem\",\"position\":1,\"name\":\"Portada\",\"item\":\"https:\/\/www.reformasvalencia.es\/fr\/\"},{\"@type\":\"ListItem\",\"position\":2,\"name\":\"Proyectos\",\"item\":\"https:\/\/www.reformasvalencia.es\/fr\/projets\/\"},{\"@type\":\"ListItem\",\"position\":3,\"name\":\"Denia\"}]},{\"@type\":\"WebSite\",\"@id\":\"https:\/\/www.reformasvalencia.es\/fr\/#website\",\"url\":\"https:\/\/www.reformasvalencia.es\/fr\/\",\"name\":\"Cicerone\",\"description\":\"\",\"publisher\":{\"@id\":\"https:\/\/www.reformasvalencia.es\/fr\/#organization\"},\"potentialAction\":[{\"@type\":\"SearchAction\",\"target\":{\"@type\":\"EntryPoint\",\"urlTemplate\":\"https:\/\/www.reformasvalencia.es\/fr\/?s={search_term_string}\"},\"query-input\":{\"@type\":\"PropertyValueSpecification\",\"valueRequired\":true,\"valueName\":\"search_term_string\"}}],\"inLanguage\":\"fr-FR\"},{\"@type\":\"Organization\",\"@id\":\"https:\/\/www.reformasvalencia.es\/fr\/#organization\",\"name\":\"Cicerone\",\"url\":\"https:\/\/www.reformasvalencia.es\/fr\/\",\"logo\":{\"@type\":\"ImageObject\",\"inLanguage\":\"fr-FR\",\"@id\":\"https:\/\/www.reformasvalencia.es\/fr\/#\/schema\/logo\/image\/\",\"url\":\"https:\/\/www.reformasvalencia.es\/wp-content\/uploads\/2025\/01\/cicerone-1.jpg\",\"contentUrl\":\"https:\/\/www.reformasvalencia.es\/wp-content\/uploads\/2025\/01\/cicerone-1.jpg\",\"width\":1200,\"height\":1200,\"caption\":\"Cicerone\"},\"image\":{\"@id\":\"https:\/\/www.reformasvalencia.es\/fr\/#\/schema\/logo\/image\/\"},\"sameAs\":[\"https:\/\/www.instagram.com\/reformas_ciceronegroup\/\"]}]}<\/script>\n<!-- \/ Yoast SEO plugin. -->","yoast_head_json":{"title":"Denia - Cicerone","description":"Reformas Valencia a r\u00e9alis\u00e9 la r\u00e9novation compl\u00e8te de cet appartement situ\u00e9 dans le quartier de Ruzafa, \u00e0 Valence.","robots":{"index":"index","follow":"follow","max-snippet":"max-snippet:-1","max-image-preview":"max-image-preview:large","max-video-preview":"max-video-preview:-1"},"canonical":"https:\/\/www.reformasvalencia.es\/fr\/projets\/denia\/","og_locale":"fr_FR","og_type":"article","og_title":"Denia - Cicerone","og_description":"Reformas Valencia a r\u00e9alis\u00e9 la r\u00e9novation compl\u00e8te de cet appartement situ\u00e9 dans le quartier de Ruzafa, \u00e0 Valence.","og_url":"https:\/\/www.reformasvalencia.es\/fr\/projets\/denia\/","og_site_name":"Cicerone","og_image":[{"width":1200,"height":765,"url":"https:\/\/www.reformasvalencia.es\/wp-content\/uploads\/2025\/01\/cicerone.jpg","type":"image\/jpeg"}],"twitter_card":"summary_large_image","twitter_misc":{"Dur\u00e9e de lecture estim\u00e9e":"1 minute"},"schema":{"@context":"https:\/\/schema.org","@graph":[{"@type":"WebPage","@id":"https:\/\/www.reformasvalencia.es\/fr\/projets\/denia\/","url":"https:\/\/www.reformasvalencia.es\/fr\/projets\/denia\/","name":"Denia - Cicerone","isPartOf":{"@id":"https:\/\/www.reformasvalencia.es\/fr\/#website"},"datePublished":"2026-04-17T14:28:44+00:00","description":"Reformas Valencia a r\u00e9alis\u00e9 la r\u00e9novation compl\u00e8te de cet appartement situ\u00e9 dans le quartier de Ruzafa, \u00e0 Valence.","breadcrumb":{"@id":"https:\/\/www.reformasvalencia.es\/fr\/projets\/denia\/#breadcrumb"},"inLanguage":"fr-FR","potentialAction":[{"@type":"ReadAction","target":["https:\/\/www.reformasvalencia.es\/fr\/projets\/denia\/"]}]},{"@type":"BreadcrumbList","@id":"https:\/\/www.reformasvalencia.es\/fr\/projets\/denia\/#breadcrumb","itemListElement":[{"@type":"ListItem","position":1,"name":"Portada","item":"https:\/\/www.reformasvalencia.es\/fr\/"},{"@type":"ListItem","position":2,"name":"Proyectos","item":"https:\/\/www.reformasvalencia.es\/fr\/projets\/"},{"@type":"ListItem","position":3,"name":"Denia"}]},{"@type":"WebSite","@id":"https:\/\/www.reformasvalencia.es\/fr\/#website","url":"https:\/\/www.reformasvalencia.es\/fr\/","name":"Cicerone","description":"","publisher":{"@id":"https:\/\/www.reformasvalencia.es\/fr\/#organization"},"potentialAction":[{"@type":"SearchAction","target":{"@type":"EntryPoint","urlTemplate":"https:\/\/www.reformasvalencia.es\/fr\/?s={search_term_string}"},"query-input":{"@type":"PropertyValueSpecification","valueRequired":true,"valueName":"search_term_string"}}],"inLanguage":"fr-FR"},{"@type":"Organization","@id":"https:\/\/www.reformasvalencia.es\/fr\/#organization","name":"Cicerone","url":"https:\/\/www.reformasvalencia.es\/fr\/","logo":{"@type":"ImageObject","inLanguage":"fr-FR","@id":"https:\/\/www.reformasvalencia.es\/fr\/#\/schema\/logo\/image\/","url":"https:\/\/www.reformasvalencia.es\/wp-content\/uploads\/2025\/01\/cicerone-1.jpg","contentUrl":"https:\/\/www.reformasvalencia.es\/wp-content\/uploads\/2025\/01\/cicerone-1.jpg","width":1200,"height":1200,"caption":"Cicerone"},"image":{"@id":"https:\/\/www.reformasvalencia.es\/fr\/#\/schema\/logo\/image\/"},"sameAs":["https:\/\/www.instagram.com\/reformas_ciceronegroup\/"]}]}},"_links":{"self":[{"href":"https:\/\/www.reformasvalencia.es\/fr\/wp-json\/wp\/v2\/proyectos\/7843","targetHints":{"allow":["GET"]}}],"collection":[{"href":"https:\/\/www.reformasvalencia.es\/fr\/wp-json\/wp\/v2\/proyectos"}],"about":[{"href":"https:\/\/www.reformasvalencia.es\/fr\/wp-json\/wp\/v2\/types\/proyectos"}],"wp:attachment":[{"href":"https:\/\/www.reformasvalencia.es\/fr\/wp-json\/wp\/v2\/media?parent=7843"}],"curies":[{"name":"wp","href":"https:\/\/api.w.org\/{rel}","templated":true}]}}

<p>Située dans l&#8217;emblématique quartier de <strong>Ruzafa</strong>, cette habitation de 90 m² représente un exercice d&rsquo;équilibre entre la récupération du patrimoine architectural et la fonctionnalité du design contemporain. Ce <strong>projet de rénovation </strong>est né avec la volonté de préserver l&rsquo;essence originelle du bien, mettant à nu la structure pour révéler la noblesse de ses matériaux. </p>
<p>L&rsquo;intervention valorise le système de construction traditionnel valencien. Les poutres en bois et les voûtes en briques pleines ont été méticuleusement restaurées, leur chaleur dialoguant avec les nouvelles parois blanches et les matériaux aux tons clairs. Des éléments en briques apparentes ont été conservés comme points d&rsquo;accent, apportant texture et cachet à l&rsquo;ensemble.  </p>
<p>Pour renforcer le caractère historique, des « tapis » de mosaïque céramique ont été conçus pour délimiter les pièces, récupérant visuellement la tradition des carreaux de ciment mais avec une lecture actuelle. Cette dualité se retrouve également dans les salles de bains, où des matériaux d&rsquo;avant-garde réinterprètent la géométrie des anciens carrelages, garantissant un confort moderne sans perdre le fil conducteur de l&rsquo;habitation d&rsquo;origine. Le résultat est un espace fluide et lumineux où <strong>l&rsquo;architecture </strong>du passé et la vision du présent cohabitent en parfaite harmonie.  </p>

<!-- This site is optimized with the Yoast SEO plugin v26.3 - https://yoast.com/wordpress/plugins/seo/ -->
<title>Denia - Cicerone</title>
<meta name="description" content="Reformas Valencia a réalisé la rénovation complète de cet appartement situé dans le quartier de Ruzafa, à Valence." />
<meta name="robots" content="index, follow, max-snippet:-1, max-image-preview:large, max-video-preview:-1" />
<link rel="canonical" href="https://www.reformasvalencia.es/fr/projets/denia/" />
<meta property="og:locale" content="fr_FR" />
<meta property="og:type" content="article" />
<meta property="og:title" content="Denia - Cicerone" />
<meta property="og:description" content="Reformas Valencia a réalisé la rénovation complète de cet appartement situé dans le quartier de Ruzafa, à Valence." />
<meta property="og:url" content="https://www.reformasvalencia.es/fr/projets/denia/" />
<meta property="og:site_name" content="Cicerone" />
<meta property="og:image" content="https://www.reformasvalencia.es/wp-content/uploads/2025/01/cicerone.jpg" />
	<meta property="og:image:width" content="1200" />
	<meta property="og:image:height" content="765" />
	<meta property="og:image:type" content="image/jpeg" />
<meta name="twitter:card" content="summary_large_image" />
<meta name="twitter:label1" content="Durée de lecture estimée" />
	<meta name="twitter:data1" content="1 minute" />
<script type="application/ld+json" class="yoast-schema-graph">{"@context":"https://schema.org","@graph":[{"@type":"WebPage","@id":"https://www.reformasvalencia.es/fr/projets/denia/","url":"https://www.reformasvalencia.es/fr/projets/denia/","name":"Denia - Cicerone","isPartOf":{"@id":"https://www.reformasvalencia.es/fr/#website"},"datePublished":"2026-04-17T14:28:44+00:00","description":"Reformas Valencia a réalisé la rénovation complète de cet appartement situé dans le quartier de Ruzafa, à Valence.","breadcrumb":{"@id":"https://www.reformasvalencia.es/fr/projets/denia/#breadcrumb"},"inLanguage":"fr-FR","potentialAction":[{"@type":"ReadAction","target":["https://www.reformasvalencia.es/fr/projets/denia/"]}]},{"@type":"BreadcrumbList","@id":"https://www.reformasvalencia.es/fr/projets/denia/#breadcrumb","itemListElement":[{"@type":"ListItem","position":1,"name":"Portada","item":"https://www.reformasvalencia.es/fr/"},{"@type":"ListItem","position":2,"name":"Proyectos","item":"https://www.reformasvalencia.es/fr/projets/"},{"@type":"ListItem","position":3,"name":"Denia"}]},{"@type":"WebSite","@id":"https://www.reformasvalencia.es/fr/#website","url":"https://www.reformasvalencia.es/fr/","name":"Cicerone","description":"","publisher":{"@id":"https://www.reformasvalencia.es/fr/#organization"},"potentialAction":[{"@type":"SearchAction","target":{"@type":"EntryPoint","urlTemplate":"https://www.reformasvalencia.es/fr/?s={search_term_string}"},"query-input":{"@type":"PropertyValueSpecification","valueRequired":true,"valueName":"search_term_string"}}],"inLanguage":"fr-FR"},{"@type":"Organization","@id":"https://www.reformasvalencia.es/fr/#organization","name":"Cicerone","url":"https://www.reformasvalencia.es/fr/","logo":{"@type":"ImageObject","inLanguage":"fr-FR","@id":"https://www.reformasvalencia.es/fr/#/schema/logo/image/","url":"https://www.reformasvalencia.es/wp-content/uploads/2025/01/cicerone-1.jpg","contentUrl":"https://www.reformasvalencia.es/wp-content/uploads/2025/01/cicerone-1.jpg","width":1200,"height":1200,"caption":"Cicerone"},"image":{"@id":"https://www.reformasvalencia.es/fr/#/schema/logo/image/"},"sameAs":["https://www.instagram.com/reformas_ciceronegroup/"]}]}</script>
<!-- / Yoast SEO plugin. -->

Reformas Valencia a réalisé la rénovation complète de cet appartement situé dans le quartier de Ruzafa, à Valence.
