{"id":7631,"date":"2026-01-15T10:41:16","date_gmt":"2026-01-15T09:41:16","guid":{"rendered":"https:\/\/www.reformasvalencia.es\/proyectos\/serrano-morales\/"},"modified":"2026-01-15T10:41:16","modified_gmt":"2026-01-15T09:41:16","slug":"serrano-morales","status":"publish","type":"proyectos","link":"https:\/\/www.reformasvalencia.es\/fr\/projets\/serrano-morales\/","title":{"rendered":"Serrano Morales"},"content":{"rendered":"<p>La <strong>r\u00e9novation compl\u00e8te<\/strong> de cet appartement de 120 m\u00b2 \u00e0 <strong>Valence<\/strong>, situ\u00e9 dans la rue Serrano Morales, avait pour objectif de moderniser le logement tant sur le plan fonctionnel qu\u2019esth\u00e9tique. Ce <strong>projet de r\u00e9novation \u00e0 Valence<\/strong> a permis d\u2019optimiser la distribution, de maximiser l\u2019entr\u00e9e de lumi\u00e8re naturelle et de mettre en valeur des \u00e9l\u00e9ments tels que la hauteur des plafonds et la qualit\u00e9 des mat\u00e9riaux utilis\u00e9s. <strong>Cicerone<\/strong>, entreprise sp\u00e9cialis\u00e9e dans les r\u00e9novations compl\u00e8tes \u00e0 Valence, a pris en charge l\u2019ensemble du projet, supervisant chaque \u00e9tape afin de garantir un r\u00e9sultat harmonieux et coh\u00e9rent. <\/p>\n<p>Le design de l\u2019appartement mise sur une esth\u00e9tique sobre et \u00e9l\u00e9gante, o\u00f9 la lumi\u00e8re naturelle et les proportions de l\u2019espace sont mises en avant. Les plafonds hauts renforcent la sensation d\u2019espace, tandis que le salon int\u00e8gre des moulures qui apportent du caract\u00e8re et une touche classique qui dialogue avec le style contemporain de l\u2019ensemble. <\/p>\n<p>Le rev\u00eatement en porcelaine s\u2019\u00e9tend de mani\u00e8re continue dans tout l\u2019appartement, unifiant visuellement les diff\u00e9rentes pi\u00e8ces et offrant une base neutre et intemporelle, une solution tr\u00e8s demand\u00e9e dans les r\u00e9novations compl\u00e8tes de logements. Dans les salles de bains, des rev\u00eatements c\u00e9ramiques de Living Ceramics ont \u00e9t\u00e9 choisis pour leur texture et leur qualit\u00e9. L\u2019un d\u2019eux int\u00e8gre un lavabo Artotum unique, apportant de la personnalit\u00e9 \u00e0 l\u2019espace. Dans le salon, une mosa\u00efque Porcelanosa introduit un d\u00e9tail d\u00e9coratif qui enrichit l\u2019ambiance sans rompre l\u2019harmonie g\u00e9n\u00e9rale du projet.   <\/p>\n<p>Le r\u00e9sultat est un logement lumineux, fonctionnel et pens\u00e9 pour la vie quotidienne, fruit d\u2019une <strong>r\u00e9novation compl\u00e8te<\/strong> r\u00e9alis\u00e9e avec des crit\u00e8res de confort, de fonctionnalit\u00e9 et d\u2019esth\u00e9tique. Un projet qui refl\u00e8te l\u2019exp\u00e9rience de <strong>Cicerone <\/strong>en tant qu<strong>\u2019entreprise de r\u00e9novation \u00e0 Valence<\/strong>, o\u00f9 l\u2019attention aux d\u00e9tails et le choix soign\u00e9 des mat\u00e9riaux d\u00e9finissent le caract\u00e8re final de l\u2019espace. <\/p>\n","protected":false},"template":"","class_list":["post-7631","proyectos","type-proyectos","status-publish","hentry"],"yoast_head":"<!-- This site is optimized with the Yoast SEO plugin v26.3 - https:\/\/yoast.com\/wordpress\/plugins\/seo\/ -->\n<title>Serrano Morales - Cicerone<\/title>\n<meta name=\"description\" content=\"Projet de r\u00e9novation dans la rue Serrano Morales \u00e0 Valence, o\u00f9 les plafonds hauts et les mat\u00e9riaux de qualit\u00e9 cr\u00e9ent des espaces \u00e9l\u00e9gants et intemporels.\" \/>\n<meta name=\"robots\" content=\"index, follow, max-snippet:-1, max-image-preview:large, max-video-preview:-1\" \/>\n<link rel=\"canonical\" href=\"https:\/\/www.reformasvalencia.es\/fr\/projets\/serrano-morales\/\" \/>\n<meta property=\"og:locale\" content=\"fr_FR\" \/>\n<meta property=\"og:type\" content=\"article\" \/>\n<meta property=\"og:title\" content=\"Serrano Morales - Cicerone\" \/>\n<meta property=\"og:description\" content=\"Projet de r\u00e9novation dans la rue Serrano Morales \u00e0 Valence, o\u00f9 les plafonds hauts et les mat\u00e9riaux de qualit\u00e9 cr\u00e9ent des espaces \u00e9l\u00e9gants et intemporels.\" \/>\n<meta property=\"og:url\" content=\"https:\/\/www.reformasvalencia.es\/fr\/projets\/serrano-morales\/\" \/>\n<meta property=\"og:site_name\" content=\"Cicerone\" \/>\n<meta property=\"og:image\" content=\"https:\/\/www.reformasvalencia.es\/wp-content\/uploads\/2025\/01\/cicerone.jpg\" \/>\n\t<meta property=\"og:image:width\" content=\"1200\" \/>\n\t<meta property=\"og:image:height\" content=\"765\" \/>\n\t<meta property=\"og:image:type\" content=\"image\/jpeg\" \/>\n<meta name=\"twitter:card\" content=\"summary_large_image\" \/>\n<meta name=\"twitter:label1\" content=\"Dur\u00e9e de lecture estim\u00e9e\" \/>\n\t<meta name=\"twitter:data1\" content=\"2 minutes\" \/>\n<script type=\"application\/ld+json\" class=\"yoast-schema-graph\">{\"@context\":\"https:\/\/schema.org\",\"@graph\":[{\"@type\":\"WebPage\",\"@id\":\"https:\/\/www.reformasvalencia.es\/fr\/projets\/serrano-morales\/\",\"url\":\"https:\/\/www.reformasvalencia.es\/fr\/projets\/serrano-morales\/\",\"name\":\"Serrano Morales - Cicerone\",\"isPartOf\":{\"@id\":\"https:\/\/www.reformasvalencia.es\/fr\/#website\"},\"datePublished\":\"2026-01-15T09:41:16+00:00\",\"description\":\"Projet de r\u00e9novation dans la rue Serrano Morales \u00e0 Valence, o\u00f9 les plafonds hauts et les mat\u00e9riaux de qualit\u00e9 cr\u00e9ent des espaces \u00e9l\u00e9gants et intemporels.\",\"breadcrumb\":{\"@id\":\"https:\/\/www.reformasvalencia.es\/fr\/projets\/serrano-morales\/#breadcrumb\"},\"inLanguage\":\"fr-FR\",\"potentialAction\":[{\"@type\":\"ReadAction\",\"target\":[\"https:\/\/www.reformasvalencia.es\/fr\/projets\/serrano-morales\/\"]}]},{\"@type\":\"BreadcrumbList\",\"@id\":\"https:\/\/www.reformasvalencia.es\/fr\/projets\/serrano-morales\/#breadcrumb\",\"itemListElement\":[{\"@type\":\"ListItem\",\"position\":1,\"name\":\"Portada\",\"item\":\"https:\/\/www.reformasvalencia.es\/fr\/\"},{\"@type\":\"ListItem\",\"position\":2,\"name\":\"Proyectos\",\"item\":\"https:\/\/www.reformasvalencia.es\/fr\/projets\/\"},{\"@type\":\"ListItem\",\"position\":3,\"name\":\"Serrano Morales\"}]},{\"@type\":\"WebSite\",\"@id\":\"https:\/\/www.reformasvalencia.es\/fr\/#website\",\"url\":\"https:\/\/www.reformasvalencia.es\/fr\/\",\"name\":\"Cicerone\",\"description\":\"\",\"publisher\":{\"@id\":\"https:\/\/www.reformasvalencia.es\/fr\/#organization\"},\"potentialAction\":[{\"@type\":\"SearchAction\",\"target\":{\"@type\":\"EntryPoint\",\"urlTemplate\":\"https:\/\/www.reformasvalencia.es\/fr\/?s={search_term_string}\"},\"query-input\":{\"@type\":\"PropertyValueSpecification\",\"valueRequired\":true,\"valueName\":\"search_term_string\"}}],\"inLanguage\":\"fr-FR\"},{\"@type\":\"Organization\",\"@id\":\"https:\/\/www.reformasvalencia.es\/fr\/#organization\",\"name\":\"Cicerone\",\"url\":\"https:\/\/www.reformasvalencia.es\/fr\/\",\"logo\":{\"@type\":\"ImageObject\",\"inLanguage\":\"fr-FR\",\"@id\":\"https:\/\/www.reformasvalencia.es\/fr\/#\/schema\/logo\/image\/\",\"url\":\"https:\/\/www.reformasvalencia.es\/wp-content\/uploads\/2025\/01\/cicerone-1.jpg\",\"contentUrl\":\"https:\/\/www.reformasvalencia.es\/wp-content\/uploads\/2025\/01\/cicerone-1.jpg\",\"width\":1200,\"height\":1200,\"caption\":\"Cicerone\"},\"image\":{\"@id\":\"https:\/\/www.reformasvalencia.es\/fr\/#\/schema\/logo\/image\/\"},\"sameAs\":[\"https:\/\/www.instagram.com\/reformas_ciceronegroup\/\"]}]}<\/script>\n<!-- \/ Yoast SEO plugin. -->","yoast_head_json":{"title":"Serrano Morales - Cicerone","description":"Projet de r\u00e9novation dans la rue Serrano Morales \u00e0 Valence, o\u00f9 les plafonds hauts et les mat\u00e9riaux de qualit\u00e9 cr\u00e9ent des espaces \u00e9l\u00e9gants et intemporels.","robots":{"index":"index","follow":"follow","max-snippet":"max-snippet:-1","max-image-preview":"max-image-preview:large","max-video-preview":"max-video-preview:-1"},"canonical":"https:\/\/www.reformasvalencia.es\/fr\/projets\/serrano-morales\/","og_locale":"fr_FR","og_type":"article","og_title":"Serrano Morales - Cicerone","og_description":"Projet de r\u00e9novation dans la rue Serrano Morales \u00e0 Valence, o\u00f9 les plafonds hauts et les mat\u00e9riaux de qualit\u00e9 cr\u00e9ent des espaces \u00e9l\u00e9gants et intemporels.","og_url":"https:\/\/www.reformasvalencia.es\/fr\/projets\/serrano-morales\/","og_site_name":"Cicerone","og_image":[{"width":1200,"height":765,"url":"https:\/\/www.reformasvalencia.es\/wp-content\/uploads\/2025\/01\/cicerone.jpg","type":"image\/jpeg"}],"twitter_card":"summary_large_image","twitter_misc":{"Dur\u00e9e de lecture estim\u00e9e":"2 minutes"},"schema":{"@context":"https:\/\/schema.org","@graph":[{"@type":"WebPage","@id":"https:\/\/www.reformasvalencia.es\/fr\/projets\/serrano-morales\/","url":"https:\/\/www.reformasvalencia.es\/fr\/projets\/serrano-morales\/","name":"Serrano Morales - Cicerone","isPartOf":{"@id":"https:\/\/www.reformasvalencia.es\/fr\/#website"},"datePublished":"2026-01-15T09:41:16+00:00","description":"Projet de r\u00e9novation dans la rue Serrano Morales \u00e0 Valence, o\u00f9 les plafonds hauts et les mat\u00e9riaux de qualit\u00e9 cr\u00e9ent des espaces \u00e9l\u00e9gants et intemporels.","breadcrumb":{"@id":"https:\/\/www.reformasvalencia.es\/fr\/projets\/serrano-morales\/#breadcrumb"},"inLanguage":"fr-FR","potentialAction":[{"@type":"ReadAction","target":["https:\/\/www.reformasvalencia.es\/fr\/projets\/serrano-morales\/"]}]},{"@type":"BreadcrumbList","@id":"https:\/\/www.reformasvalencia.es\/fr\/projets\/serrano-morales\/#breadcrumb","itemListElement":[{"@type":"ListItem","position":1,"name":"Portada","item":"https:\/\/www.reformasvalencia.es\/fr\/"},{"@type":"ListItem","position":2,"name":"Proyectos","item":"https:\/\/www.reformasvalencia.es\/fr\/projets\/"},{"@type":"ListItem","position":3,"name":"Serrano Morales"}]},{"@type":"WebSite","@id":"https:\/\/www.reformasvalencia.es\/fr\/#website","url":"https:\/\/www.reformasvalencia.es\/fr\/","name":"Cicerone","description":"","publisher":{"@id":"https:\/\/www.reformasvalencia.es\/fr\/#organization"},"potentialAction":[{"@type":"SearchAction","target":{"@type":"EntryPoint","urlTemplate":"https:\/\/www.reformasvalencia.es\/fr\/?s={search_term_string}"},"query-input":{"@type":"PropertyValueSpecification","valueRequired":true,"valueName":"search_term_string"}}],"inLanguage":"fr-FR"},{"@type":"Organization","@id":"https:\/\/www.reformasvalencia.es\/fr\/#organization","name":"Cicerone","url":"https:\/\/www.reformasvalencia.es\/fr\/","logo":{"@type":"ImageObject","inLanguage":"fr-FR","@id":"https:\/\/www.reformasvalencia.es\/fr\/#\/schema\/logo\/image\/","url":"https:\/\/www.reformasvalencia.es\/wp-content\/uploads\/2025\/01\/cicerone-1.jpg","contentUrl":"https:\/\/www.reformasvalencia.es\/wp-content\/uploads\/2025\/01\/cicerone-1.jpg","width":1200,"height":1200,"caption":"Cicerone"},"image":{"@id":"https:\/\/www.reformasvalencia.es\/fr\/#\/schema\/logo\/image\/"},"sameAs":["https:\/\/www.instagram.com\/reformas_ciceronegroup\/"]}]}},"_links":{"self":[{"href":"https:\/\/www.reformasvalencia.es\/fr\/wp-json\/wp\/v2\/proyectos\/7631","targetHints":{"allow":["GET"]}}],"collection":[{"href":"https:\/\/www.reformasvalencia.es\/fr\/wp-json\/wp\/v2\/proyectos"}],"about":[{"href":"https:\/\/www.reformasvalencia.es\/fr\/wp-json\/wp\/v2\/types\/proyectos"}],"wp:attachment":[{"href":"https:\/\/www.reformasvalencia.es\/fr\/wp-json\/wp\/v2\/media?parent=7631"}],"curies":[{"name":"wp","href":"https:\/\/api.w.org\/{rel}","templated":true}]}}

<p>La <strong>rénovation complète</strong> de cet appartement de 120 m² à <strong>Valence</strong>, situé dans la rue Serrano Morales, avait pour objectif de moderniser le logement tant sur le plan fonctionnel qu’esthétique. Ce <strong>projet de rénovation à Valence</strong> a permis d’optimiser la distribution, de maximiser l’entrée de lumière naturelle et de mettre en valeur des éléments tels que la hauteur des plafonds et la qualité des matériaux utilisés. <strong>Cicerone</strong>, entreprise spécialisée dans les rénovations complètes à Valence, a pris en charge l’ensemble du projet, supervisant chaque étape afin de garantir un résultat harmonieux et cohérent. </p>
<p>Le design de l’appartement mise sur une esthétique sobre et élégante, où la lumière naturelle et les proportions de l’espace sont mises en avant. Les plafonds hauts renforcent la sensation d’espace, tandis que le salon intègre des moulures qui apportent du caractère et une touche classique qui dialogue avec le style contemporain de l’ensemble. </p>
<p>Le revêtement en porcelaine s’étend de manière continue dans tout l’appartement, unifiant visuellement les différentes pièces et offrant une base neutre et intemporelle, une solution très demandée dans les rénovations complètes de logements. Dans les salles de bains, des revêtements céramiques de Living Ceramics ont été choisis pour leur texture et leur qualité. L’un d’eux intègre un lavabo Artotum unique, apportant de la personnalité à l’espace. Dans le salon, une mosaïque Porcelanosa introduit un détail décoratif qui enrichit l’ambiance sans rompre l’harmonie générale du projet.   </p>
<p>Le résultat est un logement lumineux, fonctionnel et pensé pour la vie quotidienne, fruit d’une <strong>rénovation complète</strong> réalisée avec des critères de confort, de fonctionnalité et d’esthétique. Un projet qui reflète l’expérience de <strong>Cicerone </strong>en tant qu<strong>’entreprise de rénovation à Valence</strong>, où l’attention aux détails et le choix soigné des matériaux définissent le caractère final de l’espace. </p>

<!-- This site is optimized with the Yoast SEO plugin v26.3 - https://yoast.com/wordpress/plugins/seo/ -->
<title>Serrano Morales - Cicerone</title>
<meta name="description" content="Projet de rénovation dans la rue Serrano Morales à Valence, où les plafonds hauts et les matériaux de qualité créent des espaces élégants et intemporels." />
<meta name="robots" content="index, follow, max-snippet:-1, max-image-preview:large, max-video-preview:-1" />
<link rel="canonical" href="https://www.reformasvalencia.es/fr/projets/serrano-morales/" />
<meta property="og:locale" content="fr_FR" />
<meta property="og:type" content="article" />
<meta property="og:title" content="Serrano Morales - Cicerone" />
<meta property="og:description" content="Projet de rénovation dans la rue Serrano Morales à Valence, où les plafonds hauts et les matériaux de qualité créent des espaces élégants et intemporels." />
<meta property="og:url" content="https://www.reformasvalencia.es/fr/projets/serrano-morales/" />
<meta property="og:site_name" content="Cicerone" />
<meta property="og:image" content="https://www.reformasvalencia.es/wp-content/uploads/2025/01/cicerone.jpg" />
	<meta property="og:image:width" content="1200" />
	<meta property="og:image:height" content="765" />
	<meta property="og:image:type" content="image/jpeg" />
<meta name="twitter:card" content="summary_large_image" />
<meta name="twitter:label1" content="Durée de lecture estimée" />
	<meta name="twitter:data1" content="2 minutes" />
<script type="application/ld+json" class="yoast-schema-graph">{"@context":"https://schema.org","@graph":[{"@type":"WebPage","@id":"https://www.reformasvalencia.es/fr/projets/serrano-morales/","url":"https://www.reformasvalencia.es/fr/projets/serrano-morales/","name":"Serrano Morales - Cicerone","isPartOf":{"@id":"https://www.reformasvalencia.es/fr/#website"},"datePublished":"2026-01-15T09:41:16+00:00","description":"Projet de rénovation dans la rue Serrano Morales à Valence, où les plafonds hauts et les matériaux de qualité créent des espaces élégants et intemporels.","breadcrumb":{"@id":"https://www.reformasvalencia.es/fr/projets/serrano-morales/#breadcrumb"},"inLanguage":"fr-FR","potentialAction":[{"@type":"ReadAction","target":["https://www.reformasvalencia.es/fr/projets/serrano-morales/"]}]},{"@type":"BreadcrumbList","@id":"https://www.reformasvalencia.es/fr/projets/serrano-morales/#breadcrumb","itemListElement":[{"@type":"ListItem","position":1,"name":"Portada","item":"https://www.reformasvalencia.es/fr/"},{"@type":"ListItem","position":2,"name":"Proyectos","item":"https://www.reformasvalencia.es/fr/projets/"},{"@type":"ListItem","position":3,"name":"Serrano Morales"}]},{"@type":"WebSite","@id":"https://www.reformasvalencia.es/fr/#website","url":"https://www.reformasvalencia.es/fr/","name":"Cicerone","description":"","publisher":{"@id":"https://www.reformasvalencia.es/fr/#organization"},"potentialAction":[{"@type":"SearchAction","target":{"@type":"EntryPoint","urlTemplate":"https://www.reformasvalencia.es/fr/?s={search_term_string}"},"query-input":{"@type":"PropertyValueSpecification","valueRequired":true,"valueName":"search_term_string"}}],"inLanguage":"fr-FR"},{"@type":"Organization","@id":"https://www.reformasvalencia.es/fr/#organization","name":"Cicerone","url":"https://www.reformasvalencia.es/fr/","logo":{"@type":"ImageObject","inLanguage":"fr-FR","@id":"https://www.reformasvalencia.es/fr/#/schema/logo/image/","url":"https://www.reformasvalencia.es/wp-content/uploads/2025/01/cicerone-1.jpg","contentUrl":"https://www.reformasvalencia.es/wp-content/uploads/2025/01/cicerone-1.jpg","width":1200,"height":1200,"caption":"Cicerone"},"image":{"@id":"https://www.reformasvalencia.es/fr/#/schema/logo/image/"},"sameAs":["https://www.instagram.com/reformas_ciceronegroup/"]}]}</script>
<!-- / Yoast SEO plugin. -->

Projet de rénovation dans la rue Serrano Morales à Valence, où les plafonds hauts et les matériaux de qualité créent des espaces élégants et intemporels.
