{"id":7583,"date":"2026-01-14T09:50:37","date_gmt":"2026-01-14T08:50:37","guid":{"rendered":"https:\/\/www.reformasvalencia.es\/proyectos\/av-del-oeste\/"},"modified":"2026-01-14T09:50:37","modified_gmt":"2026-01-14T08:50:37","slug":"av-del-oeste","status":"publish","type":"proyectos","link":"https:\/\/www.reformasvalencia.es\/fr\/projets\/av-del-oeste\/","title":{"rendered":"Av. del Oeste"},"content":{"rendered":"<p>Cette <strong>r\u00e9novation int\u00e9grale<\/strong> a \u00e9t\u00e9 r\u00e9alis\u00e9e dans un appartement de 120 m\u00b2 situ\u00e9 dans le <strong>centre de Valence<\/strong>. L\u2019objectif principal \u00e9tait de moderniser le logement tant sur le plan fonctionnel qu\u2019esth\u00e9tique, en l\u2019adaptant aux besoins actuels de ses propri\u00e9taires et en am\u00e9liorant l\u2019apport de lumi\u00e8re naturelle dans l\u2019ensemble des espaces. <\/p>\n<p>L\u2019une des premi\u00e8res \u00e9tapes du projet a consist\u00e9 \u00e0 modifier la distribution d\u2019origine. Les couloirs et cloisons inutiles ont \u00e9t\u00e9 supprim\u00e9s afin d\u2019optimiser la surface disponible et de cr\u00e9er une zone de jour plus spacieuse. Le salon, la salle \u00e0 manger et la cuisine ont \u00e9t\u00e9 r\u00e9unis en un seul espace ouvert et lumineux, o\u00f9 la cuisine a \u00e9t\u00e9 con\u00e7ue avec des lignes simples et des finitions neutres afin de s\u2019int\u00e9grer visuellement sans s\u2019imposer au reste de l\u2019ensemble.  <\/p>\n<p>La zone de nuit se compose de trois chambres et de deux salles de bains, dont l\u2019une est int\u00e9gr\u00e9e \u00e0 la chambre principale. Dans ces espaces, une esth\u00e9tique sobre et coh\u00e9rente a \u00e9t\u00e9 privil\u00e9gi\u00e9e, \u00e0 travers une palette de mat\u00e9riaux et de couleurs neutres. Dans les salles de bains, le mobilier suspendu, la robinetterie encastr\u00e9e et les rev\u00eatements continus contribuent \u00e0 une image \u00e9pur\u00e9e, pratique et intemporelle.  <\/p>\n<p>Afin d\u2019unifier l\u2019ensemble du logement, un sol vinyle pos\u00e9 en chevrons a \u00e9t\u00e9 install\u00e9 de mani\u00e8re continue dans toutes les pi\u00e8ces. Ce rev\u00eatement apporte non seulement de la chaleur, mais renforce \u00e9galement la sensation de continuit\u00e9 entre les diff\u00e9rents espaces. Sur le plan technique, l\u2019\u00e9clairage et la climatisation ont \u00e9t\u00e9 int\u00e9gr\u00e9s dans les faux plafonds, garantissant une esth\u00e9tique soign\u00e9e, sans \u00e9l\u00e9ments visibles superflus.  <\/p>\n<p>Le r\u00e9sultat est un logement r\u00e9nov\u00e9, lumineux et bien organis\u00e9, en plein centre de Valence, o\u00f9 chaque d\u00e9cision de conception r\u00e9pond \u00e0 des crit\u00e8res de fonctionnalit\u00e9, de confort et de coh\u00e9rence visuelle. Si vous recherchez une <strong>entreprise de construction<\/strong> sp\u00e9cialis\u00e9e dans les<strong> r\u00e9novations int\u00e9grales<\/strong>, <strong>Cicerone <\/strong>accompagne et conseille ses clients \u00e0 toutes les \u00e9tapes du projet. <\/p>\n","protected":false},"template":"","class_list":["post-7583","proyectos","type-proyectos","status-publish","hentry"],"yoast_head":"<!-- This site is optimized with the Yoast SEO plugin v26.3 - https:\/\/yoast.com\/wordpress\/plugins\/seo\/ -->\n<title>Av. del Oeste - Reformas Valencia<\/title>\n<meta name=\"description\" content=\"R\u00e9novations et construction \u00e0 Valence. Projet de r\u00e9novation int\u00e9grale d\u2019un appartement dans le quartier d\u2019El Pilar, \u00e0 Valence\" \/>\n<meta name=\"robots\" content=\"index, follow, max-snippet:-1, max-image-preview:large, max-video-preview:-1\" \/>\n<link rel=\"canonical\" href=\"https:\/\/www.reformasvalencia.es\/fr\/projets\/av-del-oeste\/\" \/>\n<meta property=\"og:locale\" content=\"fr_FR\" \/>\n<meta property=\"og:type\" content=\"article\" \/>\n<meta property=\"og:title\" content=\"Av. del Oeste - Reformas Valencia\" \/>\n<meta property=\"og:description\" content=\"R\u00e9novations et construction \u00e0 Valence. Projet de r\u00e9novation int\u00e9grale d\u2019un appartement dans le quartier d\u2019El Pilar, \u00e0 Valence\" \/>\n<meta property=\"og:url\" content=\"https:\/\/www.reformasvalencia.es\/fr\/projets\/av-del-oeste\/\" \/>\n<meta property=\"og:site_name\" content=\"Cicerone\" \/>\n<meta property=\"og:image\" content=\"https:\/\/www.reformasvalencia.es\/wp-content\/uploads\/2025\/01\/cicerone.jpg\" \/>\n\t<meta property=\"og:image:width\" content=\"1200\" \/>\n\t<meta property=\"og:image:height\" content=\"765\" \/>\n\t<meta property=\"og:image:type\" content=\"image\/jpeg\" \/>\n<meta name=\"twitter:card\" content=\"summary_large_image\" \/>\n<meta name=\"twitter:label1\" content=\"Dur\u00e9e de lecture estim\u00e9e\" \/>\n\t<meta name=\"twitter:data1\" content=\"2 minutes\" \/>\n<script type=\"application\/ld+json\" class=\"yoast-schema-graph\">{\"@context\":\"https:\/\/schema.org\",\"@graph\":[{\"@type\":\"WebPage\",\"@id\":\"https:\/\/www.reformasvalencia.es\/fr\/projets\/av-del-oeste\/\",\"url\":\"https:\/\/www.reformasvalencia.es\/fr\/projets\/av-del-oeste\/\",\"name\":\"Av. del Oeste - Reformas Valencia\",\"isPartOf\":{\"@id\":\"https:\/\/www.reformasvalencia.es\/fr\/#website\"},\"datePublished\":\"2026-01-14T08:50:37+00:00\",\"description\":\"R\u00e9novations et construction \u00e0 Valence. Projet de r\u00e9novation int\u00e9grale d\u2019un appartement dans le quartier d\u2019El Pilar, \u00e0 Valence\",\"breadcrumb\":{\"@id\":\"https:\/\/www.reformasvalencia.es\/fr\/projets\/av-del-oeste\/#breadcrumb\"},\"inLanguage\":\"fr-FR\",\"potentialAction\":[{\"@type\":\"ReadAction\",\"target\":[\"https:\/\/www.reformasvalencia.es\/fr\/projets\/av-del-oeste\/\"]}]},{\"@type\":\"BreadcrumbList\",\"@id\":\"https:\/\/www.reformasvalencia.es\/fr\/projets\/av-del-oeste\/#breadcrumb\",\"itemListElement\":[{\"@type\":\"ListItem\",\"position\":1,\"name\":\"Portada\",\"item\":\"https:\/\/www.reformasvalencia.es\/fr\/\"},{\"@type\":\"ListItem\",\"position\":2,\"name\":\"Proyectos\",\"item\":\"https:\/\/www.reformasvalencia.es\/fr\/projets\/\"},{\"@type\":\"ListItem\",\"position\":3,\"name\":\"Av. del Oeste\"}]},{\"@type\":\"WebSite\",\"@id\":\"https:\/\/www.reformasvalencia.es\/fr\/#website\",\"url\":\"https:\/\/www.reformasvalencia.es\/fr\/\",\"name\":\"Cicerone\",\"description\":\"\",\"publisher\":{\"@id\":\"https:\/\/www.reformasvalencia.es\/fr\/#organization\"},\"potentialAction\":[{\"@type\":\"SearchAction\",\"target\":{\"@type\":\"EntryPoint\",\"urlTemplate\":\"https:\/\/www.reformasvalencia.es\/fr\/?s={search_term_string}\"},\"query-input\":{\"@type\":\"PropertyValueSpecification\",\"valueRequired\":true,\"valueName\":\"search_term_string\"}}],\"inLanguage\":\"fr-FR\"},{\"@type\":\"Organization\",\"@id\":\"https:\/\/www.reformasvalencia.es\/fr\/#organization\",\"name\":\"Cicerone\",\"url\":\"https:\/\/www.reformasvalencia.es\/fr\/\",\"logo\":{\"@type\":\"ImageObject\",\"inLanguage\":\"fr-FR\",\"@id\":\"https:\/\/www.reformasvalencia.es\/fr\/#\/schema\/logo\/image\/\",\"url\":\"https:\/\/www.reformasvalencia.es\/wp-content\/uploads\/2025\/01\/cicerone-1.jpg\",\"contentUrl\":\"https:\/\/www.reformasvalencia.es\/wp-content\/uploads\/2025\/01\/cicerone-1.jpg\",\"width\":1200,\"height\":1200,\"caption\":\"Cicerone\"},\"image\":{\"@id\":\"https:\/\/www.reformasvalencia.es\/fr\/#\/schema\/logo\/image\/\"},\"sameAs\":[\"https:\/\/www.instagram.com\/reformas_ciceronegroup\/\"]}]}<\/script>\n<!-- \/ Yoast SEO plugin. -->","yoast_head_json":{"title":"Av. del Oeste - Reformas Valencia","description":"R\u00e9novations et construction \u00e0 Valence. Projet de r\u00e9novation int\u00e9grale d\u2019un appartement dans le quartier d\u2019El Pilar, \u00e0 Valence","robots":{"index":"index","follow":"follow","max-snippet":"max-snippet:-1","max-image-preview":"max-image-preview:large","max-video-preview":"max-video-preview:-1"},"canonical":"https:\/\/www.reformasvalencia.es\/fr\/projets\/av-del-oeste\/","og_locale":"fr_FR","og_type":"article","og_title":"Av. del Oeste - Reformas Valencia","og_description":"R\u00e9novations et construction \u00e0 Valence. Projet de r\u00e9novation int\u00e9grale d\u2019un appartement dans le quartier d\u2019El Pilar, \u00e0 Valence","og_url":"https:\/\/www.reformasvalencia.es\/fr\/projets\/av-del-oeste\/","og_site_name":"Cicerone","og_image":[{"width":1200,"height":765,"url":"https:\/\/www.reformasvalencia.es\/wp-content\/uploads\/2025\/01\/cicerone.jpg","type":"image\/jpeg"}],"twitter_card":"summary_large_image","twitter_misc":{"Dur\u00e9e de lecture estim\u00e9e":"2 minutes"},"schema":{"@context":"https:\/\/schema.org","@graph":[{"@type":"WebPage","@id":"https:\/\/www.reformasvalencia.es\/fr\/projets\/av-del-oeste\/","url":"https:\/\/www.reformasvalencia.es\/fr\/projets\/av-del-oeste\/","name":"Av. del Oeste - Reformas Valencia","isPartOf":{"@id":"https:\/\/www.reformasvalencia.es\/fr\/#website"},"datePublished":"2026-01-14T08:50:37+00:00","description":"R\u00e9novations et construction \u00e0 Valence. Projet de r\u00e9novation int\u00e9grale d\u2019un appartement dans le quartier d\u2019El Pilar, \u00e0 Valence","breadcrumb":{"@id":"https:\/\/www.reformasvalencia.es\/fr\/projets\/av-del-oeste\/#breadcrumb"},"inLanguage":"fr-FR","potentialAction":[{"@type":"ReadAction","target":["https:\/\/www.reformasvalencia.es\/fr\/projets\/av-del-oeste\/"]}]},{"@type":"BreadcrumbList","@id":"https:\/\/www.reformasvalencia.es\/fr\/projets\/av-del-oeste\/#breadcrumb","itemListElement":[{"@type":"ListItem","position":1,"name":"Portada","item":"https:\/\/www.reformasvalencia.es\/fr\/"},{"@type":"ListItem","position":2,"name":"Proyectos","item":"https:\/\/www.reformasvalencia.es\/fr\/projets\/"},{"@type":"ListItem","position":3,"name":"Av. del Oeste"}]},{"@type":"WebSite","@id":"https:\/\/www.reformasvalencia.es\/fr\/#website","url":"https:\/\/www.reformasvalencia.es\/fr\/","name":"Cicerone","description":"","publisher":{"@id":"https:\/\/www.reformasvalencia.es\/fr\/#organization"},"potentialAction":[{"@type":"SearchAction","target":{"@type":"EntryPoint","urlTemplate":"https:\/\/www.reformasvalencia.es\/fr\/?s={search_term_string}"},"query-input":{"@type":"PropertyValueSpecification","valueRequired":true,"valueName":"search_term_string"}}],"inLanguage":"fr-FR"},{"@type":"Organization","@id":"https:\/\/www.reformasvalencia.es\/fr\/#organization","name":"Cicerone","url":"https:\/\/www.reformasvalencia.es\/fr\/","logo":{"@type":"ImageObject","inLanguage":"fr-FR","@id":"https:\/\/www.reformasvalencia.es\/fr\/#\/schema\/logo\/image\/","url":"https:\/\/www.reformasvalencia.es\/wp-content\/uploads\/2025\/01\/cicerone-1.jpg","contentUrl":"https:\/\/www.reformasvalencia.es\/wp-content\/uploads\/2025\/01\/cicerone-1.jpg","width":1200,"height":1200,"caption":"Cicerone"},"image":{"@id":"https:\/\/www.reformasvalencia.es\/fr\/#\/schema\/logo\/image\/"},"sameAs":["https:\/\/www.instagram.com\/reformas_ciceronegroup\/"]}]}},"_links":{"self":[{"href":"https:\/\/www.reformasvalencia.es\/fr\/wp-json\/wp\/v2\/proyectos\/7583","targetHints":{"allow":["GET"]}}],"collection":[{"href":"https:\/\/www.reformasvalencia.es\/fr\/wp-json\/wp\/v2\/proyectos"}],"about":[{"href":"https:\/\/www.reformasvalencia.es\/fr\/wp-json\/wp\/v2\/types\/proyectos"}],"wp:attachment":[{"href":"https:\/\/www.reformasvalencia.es\/fr\/wp-json\/wp\/v2\/media?parent=7583"}],"curies":[{"name":"wp","href":"https:\/\/api.w.org\/{rel}","templated":true}]}}

<p>Cette <strong>rénovation intégrale</strong> a été réalisée dans un appartement de 120 m² situé dans le <strong>centre de Valence</strong>. L’objectif principal était de moderniser le logement tant sur le plan fonctionnel qu’esthétique, en l’adaptant aux besoins actuels de ses propriétaires et en améliorant l’apport de lumière naturelle dans l’ensemble des espaces. </p>
<p>L’une des premières étapes du projet a consisté à modifier la distribution d’origine. Les couloirs et cloisons inutiles ont été supprimés afin d’optimiser la surface disponible et de créer une zone de jour plus spacieuse. Le salon, la salle à manger et la cuisine ont été réunis en un seul espace ouvert et lumineux, où la cuisine a été conçue avec des lignes simples et des finitions neutres afin de s’intégrer visuellement sans s’imposer au reste de l’ensemble.  </p>
<p>La zone de nuit se compose de trois chambres et de deux salles de bains, dont l’une est intégrée à la chambre principale. Dans ces espaces, une esthétique sobre et cohérente a été privilégiée, à travers une palette de matériaux et de couleurs neutres. Dans les salles de bains, le mobilier suspendu, la robinetterie encastrée et les revêtements continus contribuent à une image épurée, pratique et intemporelle.  </p>
<p>Afin d’unifier l’ensemble du logement, un sol vinyle posé en chevrons a été installé de manière continue dans toutes les pièces. Ce revêtement apporte non seulement de la chaleur, mais renforce également la sensation de continuité entre les différents espaces. Sur le plan technique, l’éclairage et la climatisation ont été intégrés dans les faux plafonds, garantissant une esthétique soignée, sans éléments visibles superflus.  </p>
<p>Le résultat est un logement rénové, lumineux et bien organisé, en plein centre de Valence, où chaque décision de conception répond à des critères de fonctionnalité, de confort et de cohérence visuelle. Si vous recherchez une <strong>entreprise de construction</strong> spécialisée dans les<strong> rénovations intégrales</strong>, <strong>Cicerone </strong>accompagne et conseille ses clients à toutes les étapes du projet. </p>

<!-- This site is optimized with the Yoast SEO plugin v26.3 - https://yoast.com/wordpress/plugins/seo/ -->
<title>Av. del Oeste - Reformas Valencia</title>
<meta name="description" content="Rénovations et construction à Valence. Projet de rénovation intégrale d’un appartement dans le quartier d’El Pilar, à Valence" />
<meta name="robots" content="index, follow, max-snippet:-1, max-image-preview:large, max-video-preview:-1" />
<link rel="canonical" href="https://www.reformasvalencia.es/fr/projets/av-del-oeste/" />
<meta property="og:locale" content="fr_FR" />
<meta property="og:type" content="article" />
<meta property="og:title" content="Av. del Oeste - Reformas Valencia" />
<meta property="og:description" content="Rénovations et construction à Valence. Projet de rénovation intégrale d’un appartement dans le quartier d’El Pilar, à Valence" />
<meta property="og:url" content="https://www.reformasvalencia.es/fr/projets/av-del-oeste/" />
<meta property="og:site_name" content="Cicerone" />
<meta property="og:image" content="https://www.reformasvalencia.es/wp-content/uploads/2025/01/cicerone.jpg" />
	<meta property="og:image:width" content="1200" />
	<meta property="og:image:height" content="765" />
	<meta property="og:image:type" content="image/jpeg" />
<meta name="twitter:card" content="summary_large_image" />
<meta name="twitter:label1" content="Durée de lecture estimée" />
	<meta name="twitter:data1" content="2 minutes" />
<script type="application/ld+json" class="yoast-schema-graph">{"@context":"https://schema.org","@graph":[{"@type":"WebPage","@id":"https://www.reformasvalencia.es/fr/projets/av-del-oeste/","url":"https://www.reformasvalencia.es/fr/projets/av-del-oeste/","name":"Av. del Oeste - Reformas Valencia","isPartOf":{"@id":"https://www.reformasvalencia.es/fr/#website"},"datePublished":"2026-01-14T08:50:37+00:00","description":"Rénovations et construction à Valence. Projet de rénovation intégrale d’un appartement dans le quartier d’El Pilar, à Valence","breadcrumb":{"@id":"https://www.reformasvalencia.es/fr/projets/av-del-oeste/#breadcrumb"},"inLanguage":"fr-FR","potentialAction":[{"@type":"ReadAction","target":["https://www.reformasvalencia.es/fr/projets/av-del-oeste/"]}]},{"@type":"BreadcrumbList","@id":"https://www.reformasvalencia.es/fr/projets/av-del-oeste/#breadcrumb","itemListElement":[{"@type":"ListItem","position":1,"name":"Portada","item":"https://www.reformasvalencia.es/fr/"},{"@type":"ListItem","position":2,"name":"Proyectos","item":"https://www.reformasvalencia.es/fr/projets/"},{"@type":"ListItem","position":3,"name":"Av. del Oeste"}]},{"@type":"WebSite","@id":"https://www.reformasvalencia.es/fr/#website","url":"https://www.reformasvalencia.es/fr/","name":"Cicerone","description":"","publisher":{"@id":"https://www.reformasvalencia.es/fr/#organization"},"potentialAction":[{"@type":"SearchAction","target":{"@type":"EntryPoint","urlTemplate":"https://www.reformasvalencia.es/fr/?s={search_term_string}"},"query-input":{"@type":"PropertyValueSpecification","valueRequired":true,"valueName":"search_term_string"}}],"inLanguage":"fr-FR"},{"@type":"Organization","@id":"https://www.reformasvalencia.es/fr/#organization","name":"Cicerone","url":"https://www.reformasvalencia.es/fr/","logo":{"@type":"ImageObject","inLanguage":"fr-FR","@id":"https://www.reformasvalencia.es/fr/#/schema/logo/image/","url":"https://www.reformasvalencia.es/wp-content/uploads/2025/01/cicerone-1.jpg","contentUrl":"https://www.reformasvalencia.es/wp-content/uploads/2025/01/cicerone-1.jpg","width":1200,"height":1200,"caption":"Cicerone"},"image":{"@id":"https://www.reformasvalencia.es/fr/#/schema/logo/image/"},"sameAs":["https://www.instagram.com/reformas_ciceronegroup/"]}]}</script>
<!-- / Yoast SEO plugin. -->

Rénovations et construction à Valence. Projet de rénovation intégrale d’un appartement dans le quartier d’El Pilar, à Valence
