{"id":3398,"date":"2025-02-07T08:05:43","date_gmt":"2025-02-07T07:05:43","guid":{"rendered":"https:\/\/www.reformasvalencia.es\/proyectos\/xativa\/"},"modified":"2025-03-25T13:46:56","modified_gmt":"2025-03-25T12:46:56","slug":"xativa","status":"publish","type":"proyectos","link":"https:\/\/www.reformasvalencia.es\/fr\/projets\/xativa\/","title":{"rendered":"X\u00e1tiva"},"content":{"rendered":"\n<p>Ce projet architectural prend comme point de d\u00e9part un spacieux appartement situ\u00e9 dans le district de <strong>Ciutat Vella<\/strong>. Apr\u00e8s une analyse approfondie des besoins du client, il a \u00e9t\u00e9 d\u00e9cid\u00e9 de diviser la propri\u00e9t\u00e9 d\u2019origine en deux logements ind\u00e9pendants \u00e0 usage personnel. Le design de la <strong>r\u00e9novation<\/strong> se distingue par son \u00e9l\u00e9gance, la qualit\u00e9 de ses finitions et une s\u00e9lection soign\u00e9e des mat\u00e9riaux.  <\/p>\n\n<p>La division de la propri\u00e9t\u00e9 en deux appartements repr\u00e9sentait un d\u00e9fi en mati\u00e8re de conception, car il \u00e9tait n\u00e9cessaire d&rsquo;int\u00e9grer deux cuisines et plusieurs salles de bain sans compromettre la fonctionnalit\u00e9 et la praticit\u00e9 de la distribution. Malgr\u00e9 cette complexit\u00e9, l&rsquo;objectif a \u00e9t\u00e9 atteint sans modifier excessivement la disposition initiale. Cela a permis de r\u00e9aliser des \u00e9conomies, r\u00e9investies dans des \u00e9l\u00e9ments tels que la climatisation gainable, des menuiseries hautes performances en gris anthracite \u00e9l\u00e9gant et des sols en porcelaine grand format. De plus, une partie du charme original de l\u2019appartement a \u00e9t\u00e9 pr\u00e9serv\u00e9e et restaur\u00e9e en conservant le parquet en ch\u00eane massif dans certaines zones, ajoutant ainsi chaleur et caract\u00e8re en contraste avec les tons clairs des autres surfaces.    <\/p>\n\n<p>Concernant les salles de bain, un design uniforme a \u00e9t\u00e9 choisi pour les deux appartements. L\u2019\u00e9l\u00e9gance se refl\u00e8te dans les carreaux \u00e0 finition brillante, noirs avec des veinures blanches. L\u2019association avec le sol grand format, le mobilier de salle de bain et un \u00e9clairage soigneusement \u00e9tudi\u00e9 donne un r\u00e9sultat raffin\u00e9. La cuisine, con\u00e7ue dans un style sobre mais \u00e9l\u00e9gant, s&rsquo;ouvre sur l&rsquo;espace salon-salle \u00e0 manger. Les meubles pr\u00e9sentent des portes lisses de couleur sombre avec des poign\u00e9es int\u00e9gr\u00e9es assorties aux menuiseries. Le plan de travail Dekton Pietra Kode en gris et les \u00e9lectrom\u00e9nagers encastr\u00e9s compl\u00e8tent une cuisine de r\u00eave.     <\/p>\n\n<p>Gr\u00e2ce \u00e0 notre vaste exp\u00e9rience professionnelle, Cicerone se distingue comme une <strong>entreprise de construction<\/strong> experte en r\u00e9novations int\u00e9grales haut de gamme. Si vous souhaitez <strong>r\u00e9nover un appartement \u00e0 Valence<\/strong>, nous sommes \u00e0 votre disposition pour vous accompagner dans chaque \u00e9tape du projet. <\/p>\n\n<p><\/p>\n","protected":false},"template":"","class_list":["post-3398","proyectos","type-proyectos","status-publish","hentry"],"yoast_head":"<!-- This site is optimized with the Yoast SEO plugin v26.3 - https:\/\/yoast.com\/wordpress\/plugins\/seo\/ -->\n<title>X\u00e1tiva - Cicerone<\/title>\n<meta name=\"description\" content=\"Ce projet architectural prend comme point de d\u00e9part un spacieux appartement situ\u00e9 dans le district de Ciutat Vella.\" \/>\n<meta name=\"robots\" content=\"index, follow, max-snippet:-1, max-image-preview:large, max-video-preview:-1\" \/>\n<link rel=\"canonical\" href=\"https:\/\/www.reformasvalencia.es\/fr\/projets\/xativa\/\" \/>\n<meta property=\"og:locale\" content=\"fr_FR\" \/>\n<meta property=\"og:type\" content=\"article\" \/>\n<meta property=\"og:title\" content=\"X\u00e1tiva - Cicerone\" \/>\n<meta property=\"og:description\" content=\"Ce projet architectural prend comme point de d\u00e9part un spacieux appartement situ\u00e9 dans le district de Ciutat Vella.\" \/>\n<meta property=\"og:url\" content=\"https:\/\/www.reformasvalencia.es\/fr\/projets\/xativa\/\" \/>\n<meta property=\"og:site_name\" content=\"Cicerone\" \/>\n<meta property=\"article:modified_time\" content=\"2025-03-25T12:46:56+00:00\" \/>\n<meta property=\"og:image\" content=\"https:\/\/www.reformasvalencia.es\/wp-content\/uploads\/2025\/01\/cicerone.jpg\" \/>\n\t<meta property=\"og:image:width\" content=\"1200\" \/>\n\t<meta property=\"og:image:height\" content=\"765\" \/>\n\t<meta property=\"og:image:type\" content=\"image\/jpeg\" \/>\n<meta name=\"twitter:card\" content=\"summary_large_image\" \/>\n<meta name=\"twitter:label1\" content=\"Dur\u00e9e de lecture estim\u00e9e\" \/>\n\t<meta name=\"twitter:data1\" content=\"2 minutes\" \/>\n<script type=\"application\/ld+json\" class=\"yoast-schema-graph\">{\"@context\":\"https:\/\/schema.org\",\"@graph\":[{\"@type\":\"WebPage\",\"@id\":\"https:\/\/www.reformasvalencia.es\/fr\/projets\/xativa\/\",\"url\":\"https:\/\/www.reformasvalencia.es\/fr\/projets\/xativa\/\",\"name\":\"X\u00e1tiva - Cicerone\",\"isPartOf\":{\"@id\":\"https:\/\/www.reformasvalencia.es\/fr\/#website\"},\"datePublished\":\"2025-02-07T07:05:43+00:00\",\"dateModified\":\"2025-03-25T12:46:56+00:00\",\"description\":\"Ce projet architectural prend comme point de d\u00e9part un spacieux appartement situ\u00e9 dans le district de Ciutat Vella.\",\"breadcrumb\":{\"@id\":\"https:\/\/www.reformasvalencia.es\/fr\/projets\/xativa\/#breadcrumb\"},\"inLanguage\":\"fr-FR\",\"potentialAction\":[{\"@type\":\"ReadAction\",\"target\":[\"https:\/\/www.reformasvalencia.es\/fr\/projets\/xativa\/\"]}]},{\"@type\":\"BreadcrumbList\",\"@id\":\"https:\/\/www.reformasvalencia.es\/fr\/projets\/xativa\/#breadcrumb\",\"itemListElement\":[{\"@type\":\"ListItem\",\"position\":1,\"name\":\"Portada\",\"item\":\"https:\/\/www.reformasvalencia.es\/fr\/\"},{\"@type\":\"ListItem\",\"position\":2,\"name\":\"Proyectos\",\"item\":\"https:\/\/www.reformasvalencia.es\/fr\/projets\/\"},{\"@type\":\"ListItem\",\"position\":3,\"name\":\"X\u00e1tiva\"}]},{\"@type\":\"WebSite\",\"@id\":\"https:\/\/www.reformasvalencia.es\/fr\/#website\",\"url\":\"https:\/\/www.reformasvalencia.es\/fr\/\",\"name\":\"Cicerone\",\"description\":\"\",\"publisher\":{\"@id\":\"https:\/\/www.reformasvalencia.es\/fr\/#organization\"},\"potentialAction\":[{\"@type\":\"SearchAction\",\"target\":{\"@type\":\"EntryPoint\",\"urlTemplate\":\"https:\/\/www.reformasvalencia.es\/fr\/?s={search_term_string}\"},\"query-input\":{\"@type\":\"PropertyValueSpecification\",\"valueRequired\":true,\"valueName\":\"search_term_string\"}}],\"inLanguage\":\"fr-FR\"},{\"@type\":\"Organization\",\"@id\":\"https:\/\/www.reformasvalencia.es\/fr\/#organization\",\"name\":\"Cicerone\",\"url\":\"https:\/\/www.reformasvalencia.es\/fr\/\",\"logo\":{\"@type\":\"ImageObject\",\"inLanguage\":\"fr-FR\",\"@id\":\"https:\/\/www.reformasvalencia.es\/fr\/#\/schema\/logo\/image\/\",\"url\":\"https:\/\/www.reformasvalencia.es\/wp-content\/uploads\/2025\/01\/cicerone-1.jpg\",\"contentUrl\":\"https:\/\/www.reformasvalencia.es\/wp-content\/uploads\/2025\/01\/cicerone-1.jpg\",\"width\":1200,\"height\":1200,\"caption\":\"Cicerone\"},\"image\":{\"@id\":\"https:\/\/www.reformasvalencia.es\/fr\/#\/schema\/logo\/image\/\"},\"sameAs\":[\"https:\/\/www.instagram.com\/reformas_ciceronegroup\/\"]}]}<\/script>\n<!-- \/ Yoast SEO plugin. -->","yoast_head_json":{"title":"X\u00e1tiva - Cicerone","description":"Ce projet architectural prend comme point de d\u00e9part un spacieux appartement situ\u00e9 dans le district de Ciutat Vella.","robots":{"index":"index","follow":"follow","max-snippet":"max-snippet:-1","max-image-preview":"max-image-preview:large","max-video-preview":"max-video-preview:-1"},"canonical":"https:\/\/www.reformasvalencia.es\/fr\/projets\/xativa\/","og_locale":"fr_FR","og_type":"article","og_title":"X\u00e1tiva - Cicerone","og_description":"Ce projet architectural prend comme point de d\u00e9part un spacieux appartement situ\u00e9 dans le district de Ciutat Vella.","og_url":"https:\/\/www.reformasvalencia.es\/fr\/projets\/xativa\/","og_site_name":"Cicerone","article_modified_time":"2025-03-25T12:46:56+00:00","og_image":[{"width":1200,"height":765,"url":"https:\/\/www.reformasvalencia.es\/wp-content\/uploads\/2025\/01\/cicerone.jpg","type":"image\/jpeg"}],"twitter_card":"summary_large_image","twitter_misc":{"Dur\u00e9e de lecture estim\u00e9e":"2 minutes"},"schema":{"@context":"https:\/\/schema.org","@graph":[{"@type":"WebPage","@id":"https:\/\/www.reformasvalencia.es\/fr\/projets\/xativa\/","url":"https:\/\/www.reformasvalencia.es\/fr\/projets\/xativa\/","name":"X\u00e1tiva - Cicerone","isPartOf":{"@id":"https:\/\/www.reformasvalencia.es\/fr\/#website"},"datePublished":"2025-02-07T07:05:43+00:00","dateModified":"2025-03-25T12:46:56+00:00","description":"Ce projet architectural prend comme point de d\u00e9part un spacieux appartement situ\u00e9 dans le district de Ciutat Vella.","breadcrumb":{"@id":"https:\/\/www.reformasvalencia.es\/fr\/projets\/xativa\/#breadcrumb"},"inLanguage":"fr-FR","potentialAction":[{"@type":"ReadAction","target":["https:\/\/www.reformasvalencia.es\/fr\/projets\/xativa\/"]}]},{"@type":"BreadcrumbList","@id":"https:\/\/www.reformasvalencia.es\/fr\/projets\/xativa\/#breadcrumb","itemListElement":[{"@type":"ListItem","position":1,"name":"Portada","item":"https:\/\/www.reformasvalencia.es\/fr\/"},{"@type":"ListItem","position":2,"name":"Proyectos","item":"https:\/\/www.reformasvalencia.es\/fr\/projets\/"},{"@type":"ListItem","position":3,"name":"X\u00e1tiva"}]},{"@type":"WebSite","@id":"https:\/\/www.reformasvalencia.es\/fr\/#website","url":"https:\/\/www.reformasvalencia.es\/fr\/","name":"Cicerone","description":"","publisher":{"@id":"https:\/\/www.reformasvalencia.es\/fr\/#organization"},"potentialAction":[{"@type":"SearchAction","target":{"@type":"EntryPoint","urlTemplate":"https:\/\/www.reformasvalencia.es\/fr\/?s={search_term_string}"},"query-input":{"@type":"PropertyValueSpecification","valueRequired":true,"valueName":"search_term_string"}}],"inLanguage":"fr-FR"},{"@type":"Organization","@id":"https:\/\/www.reformasvalencia.es\/fr\/#organization","name":"Cicerone","url":"https:\/\/www.reformasvalencia.es\/fr\/","logo":{"@type":"ImageObject","inLanguage":"fr-FR","@id":"https:\/\/www.reformasvalencia.es\/fr\/#\/schema\/logo\/image\/","url":"https:\/\/www.reformasvalencia.es\/wp-content\/uploads\/2025\/01\/cicerone-1.jpg","contentUrl":"https:\/\/www.reformasvalencia.es\/wp-content\/uploads\/2025\/01\/cicerone-1.jpg","width":1200,"height":1200,"caption":"Cicerone"},"image":{"@id":"https:\/\/www.reformasvalencia.es\/fr\/#\/schema\/logo\/image\/"},"sameAs":["https:\/\/www.instagram.com\/reformas_ciceronegroup\/"]}]}},"_links":{"self":[{"href":"https:\/\/www.reformasvalencia.es\/fr\/wp-json\/wp\/v2\/proyectos\/3398","targetHints":{"allow":["GET"]}}],"collection":[{"href":"https:\/\/www.reformasvalencia.es\/fr\/wp-json\/wp\/v2\/proyectos"}],"about":[{"href":"https:\/\/www.reformasvalencia.es\/fr\/wp-json\/wp\/v2\/types\/proyectos"}],"wp:attachment":[{"href":"https:\/\/www.reformasvalencia.es\/fr\/wp-json\/wp\/v2\/media?parent=3398"}],"curies":[{"name":"wp","href":"https:\/\/api.w.org\/{rel}","templated":true}]}}

Xátiva

<p>Ce projet architectural prend comme point de départ un spacieux appartement situé dans le district de <strong>Ciutat Vella</strong>. Après une analyse approfondie des besoins du client, il a été décidé de diviser la propriété d’origine en deux logements indépendants à usage personnel. Le design de la <strong>rénovation</strong> se distingue par son élégance, la qualité de ses finitions et une sélection soignée des matériaux.  </p>

<p>La division de la propriété en deux appartements représentait un défi en matière de conception, car il était nécessaire d&rsquo;intégrer deux cuisines et plusieurs salles de bain sans compromettre la fonctionnalité et la praticité de la distribution. Malgré cette complexité, l&rsquo;objectif a été atteint sans modifier excessivement la disposition initiale. Cela a permis de réaliser des économies, réinvesties dans des éléments tels que la climatisation gainable, des menuiseries hautes performances en gris anthracite élégant et des sols en porcelaine grand format. De plus, une partie du charme original de l’appartement a été préservée et restaurée en conservant le parquet en chêne massif dans certaines zones, ajoutant ainsi chaleur et caractère en contraste avec les tons clairs des autres surfaces.    </p>

<p>Concernant les salles de bain, un design uniforme a été choisi pour les deux appartements. L’élégance se reflète dans les carreaux à finition brillante, noirs avec des veinures blanches. L’association avec le sol grand format, le mobilier de salle de bain et un éclairage soigneusement étudié donne un résultat raffiné. La cuisine, conçue dans un style sobre mais élégant, s&rsquo;ouvre sur l&rsquo;espace salon-salle à manger. Les meubles présentent des portes lisses de couleur sombre avec des poignées intégrées assorties aux menuiseries. Le plan de travail Dekton Pietra Kode en gris et les électroménagers encastrés complètent une cuisine de rêve.     </p>

<p>Grâce à notre vaste expérience professionnelle, Cicerone se distingue comme une <strong>entreprise de construction</strong> experte en rénovations intégrales haut de gamme. Si vous souhaitez <strong>rénover un appartement à Valence</strong>, nous sommes à votre disposition pour vous accompagner dans chaque étape du projet. </p>

<p></p>

<!-- This site is optimized with the Yoast SEO plugin v26.3 - https://yoast.com/wordpress/plugins/seo/ -->
<title>Xátiva - Cicerone</title>
<meta name="description" content="Ce projet architectural prend comme point de départ un spacieux appartement situé dans le district de Ciutat Vella." />
<meta name="robots" content="index, follow, max-snippet:-1, max-image-preview:large, max-video-preview:-1" />
<link rel="canonical" href="https://www.reformasvalencia.es/fr/projets/xativa/" />
<meta property="og:locale" content="fr_FR" />
<meta property="og:type" content="article" />
<meta property="og:title" content="Xátiva - Cicerone" />
<meta property="og:description" content="Ce projet architectural prend comme point de départ un spacieux appartement situé dans le district de Ciutat Vella." />
<meta property="og:url" content="https://www.reformasvalencia.es/fr/projets/xativa/" />
<meta property="og:site_name" content="Cicerone" />
<meta property="article:modified_time" content="2025-03-25T12:46:56+00:00" />
<meta property="og:image" content="https://www.reformasvalencia.es/wp-content/uploads/2025/01/cicerone.jpg" />
	<meta property="og:image:width" content="1200" />
	<meta property="og:image:height" content="765" />
	<meta property="og:image:type" content="image/jpeg" />
<meta name="twitter:card" content="summary_large_image" />
<meta name="twitter:label1" content="Durée de lecture estimée" />
	<meta name="twitter:data1" content="2 minutes" />
<script type="application/ld+json" class="yoast-schema-graph">{"@context":"https://schema.org","@graph":[{"@type":"WebPage","@id":"https://www.reformasvalencia.es/fr/projets/xativa/","url":"https://www.reformasvalencia.es/fr/projets/xativa/","name":"Xátiva - Cicerone","isPartOf":{"@id":"https://www.reformasvalencia.es/fr/#website"},"datePublished":"2025-02-07T07:05:43+00:00","dateModified":"2025-03-25T12:46:56+00:00","description":"Ce projet architectural prend comme point de départ un spacieux appartement situé dans le district de Ciutat Vella.","breadcrumb":{"@id":"https://www.reformasvalencia.es/fr/projets/xativa/#breadcrumb"},"inLanguage":"fr-FR","potentialAction":[{"@type":"ReadAction","target":["https://www.reformasvalencia.es/fr/projets/xativa/"]}]},{"@type":"BreadcrumbList","@id":"https://www.reformasvalencia.es/fr/projets/xativa/#breadcrumb","itemListElement":[{"@type":"ListItem","position":1,"name":"Portada","item":"https://www.reformasvalencia.es/fr/"},{"@type":"ListItem","position":2,"name":"Proyectos","item":"https://www.reformasvalencia.es/fr/projets/"},{"@type":"ListItem","position":3,"name":"Xátiva"}]},{"@type":"WebSite","@id":"https://www.reformasvalencia.es/fr/#website","url":"https://www.reformasvalencia.es/fr/","name":"Cicerone","description":"","publisher":{"@id":"https://www.reformasvalencia.es/fr/#organization"},"potentialAction":[{"@type":"SearchAction","target":{"@type":"EntryPoint","urlTemplate":"https://www.reformasvalencia.es/fr/?s={search_term_string}"},"query-input":{"@type":"PropertyValueSpecification","valueRequired":true,"valueName":"search_term_string"}}],"inLanguage":"fr-FR"},{"@type":"Organization","@id":"https://www.reformasvalencia.es/fr/#organization","name":"Cicerone","url":"https://www.reformasvalencia.es/fr/","logo":{"@type":"ImageObject","inLanguage":"fr-FR","@id":"https://www.reformasvalencia.es/fr/#/schema/logo/image/","url":"https://www.reformasvalencia.es/wp-content/uploads/2025/01/cicerone-1.jpg","contentUrl":"https://www.reformasvalencia.es/wp-content/uploads/2025/01/cicerone-1.jpg","width":1200,"height":1200,"caption":"Cicerone"},"image":{"@id":"https://www.reformasvalencia.es/fr/#/schema/logo/image/"},"sameAs":["https://www.instagram.com/reformas_ciceronegroup/"]}]}</script>
<!-- / Yoast SEO plugin. -->

Xátiva - Cicerone

Ce projet architectural prend comme point de départ un spacieux appartement situé dans le district de Ciutat Vella.
