{"id":3256,"date":"2025-02-07T07:55:55","date_gmt":"2025-02-07T06:55:55","guid":{"rendered":"https:\/\/www.reformasvalencia.es\/proyectos\/local-commercial-2\/"},"modified":"2025-08-26T17:39:27","modified_gmt":"2025-08-26T15:39:27","slug":"local-commercial-2","status":"publish","type":"proyectos","link":"https:\/\/www.reformasvalencia.es\/fr\/projets\/local-commercial-2\/","title":{"rendered":"Arzobispo Melo"},"content":{"rendered":"&#13;\n<p>Ce projet exclusif de <strong>r\u00e9novation<\/strong> a vu le jour apr\u00e8s l\u2019acquisition de deux locaux commerciaux dans le quartier de <strong>Ruzafa <\/strong>par une entreprise. <br\/>Bien qu&rsquo;il s&rsquo;agisse d&rsquo;un investissement immobilier, il \u00e9tait pr\u00e9vu de r\u00e9aliser une \u00e9l\u00e9gante r\u00e9novation compl\u00e8te et pleine de d\u00e9tails de qualit\u00e9.<\/p>&#13;\n&#13;\n<p>Le fait que les deux locaux commerciaux soient adjacents a permis de les fusionner pour cr\u00e9er un espace unique et ouvert, domin\u00e9 par trois grandes fen\u00eatres donnant sur la fa\u00e7ade principale. La hauteur des plafonds offrait la possibilit\u00e9 de dissimuler les conduits de climatisation sans perdre la sensation d\u2019amplitude. La r\u00e9alisation de deux corniches garnies de lattes de bois sur un fond noir a ajout\u00e9 une touche d\u2019\u00e9l\u00e9gance, rompant avec la continuit\u00e9 et la simplicit\u00e9 des plafonds.  <\/p>&#13;\n&#13;\n<p>Pour conserver le design moderne et sophistiqu\u00e9, le b\u00e9ton des colonnes a \u00e9t\u00e9 laiss\u00e9 apparent et une couleur anthracite a \u00e9t\u00e9 choisie pour les menuiseries ext\u00e9rieures. En contraste, un parquet stratifi\u00e9 \u00e0 effet sci\u00e9 et la restauration de plusieurs murs originaux en briques apparentes apportaient de la chaleur \u00e0 l\u2019ensemble. <\/p>&#13;\n&#13;\n<p>Dans la salle de bain, l\u2019\u00e9l\u00e9ment principal est le mur d\u00e9coratif, r\u00e9alis\u00e9 avec des carreaux de petit format en bleu clair. Ce mur n\u00e9cessitait une ex\u00e9cution minutieuse et extr\u00eamement d\u00e9taill\u00e9e, car la disposition des carreaux et leurs joints \u00e9taient conditionn\u00e9s par l\u2019int\u00e9gration du miroir et du plan de travail sans couper aucun carreau. La couleur douce choisie pour le mur d\u00e9coratif et le lavabo s\u2019harmonise parfaitement avec les tons dor\u00e9s de la robinetterie et du plan de travail.  <\/p>&#13;\n&#13;\n<p>Si vous avez besoin de r<strong>\u00e9nover une propri\u00e9t\u00e9 \u00e0 Valence<\/strong>, Cicerone met toute son exp\u00e9rience et son professionnalisme \u00e0 votre disposition en tant que studio d\u2019architecture et entreprise de construction pour d\u00e9velopper votre <strong>projet de r\u00e9novation<\/strong> de A \u00e0 Z.<\/p>&#13;\n","protected":false},"template":"","class_list":["post-3256","proyectos","type-proyectos","status-publish","hentry"],"yoast_head":"<!-- This site is optimized with the Yoast SEO plugin v26.3 - https:\/\/yoast.com\/wordpress\/plugins\/seo\/ -->\n<title>Arzobispo Melo - Cicerone<\/title>\n<meta name=\"description\" content=\"Ce projet exclusif de r\u00e9novation a vu le jour apr\u00e8s l&#039;acquisition de deux locaux commerciaux dans le quartier de Ruzafa par une entreprise.\" \/>\n<meta name=\"robots\" content=\"index, follow, max-snippet:-1, max-image-preview:large, max-video-preview:-1\" \/>\n<link rel=\"canonical\" href=\"https:\/\/www.reformasvalencia.es\/fr\/projets\/local-commercial-2\/\" \/>\n<meta property=\"og:locale\" content=\"fr_FR\" \/>\n<meta property=\"og:type\" content=\"article\" \/>\n<meta property=\"og:title\" content=\"Arzobispo Melo - Cicerone\" \/>\n<meta property=\"og:description\" content=\"Ce projet exclusif de r\u00e9novation a vu le jour apr\u00e8s l&#039;acquisition de deux locaux commerciaux dans le quartier de Ruzafa par une entreprise.\" \/>\n<meta property=\"og:url\" content=\"https:\/\/www.reformasvalencia.es\/fr\/projets\/local-commercial-2\/\" \/>\n<meta property=\"og:site_name\" content=\"Cicerone\" \/>\n<meta property=\"article:modified_time\" content=\"2025-08-26T15:39:27+00:00\" \/>\n<meta property=\"og:image\" content=\"https:\/\/www.reformasvalencia.es\/wp-content\/uploads\/2025\/01\/cicerone.jpg\" \/>\n\t<meta property=\"og:image:width\" content=\"1200\" \/>\n\t<meta property=\"og:image:height\" content=\"765\" \/>\n\t<meta property=\"og:image:type\" content=\"image\/jpeg\" \/>\n<meta name=\"twitter:card\" content=\"summary_large_image\" \/>\n<meta name=\"twitter:label1\" content=\"Dur\u00e9e de lecture estim\u00e9e\" \/>\n\t<meta name=\"twitter:data1\" content=\"2 minutes\" \/>\n<script type=\"application\/ld+json\" class=\"yoast-schema-graph\">{\"@context\":\"https:\/\/schema.org\",\"@graph\":[{\"@type\":\"WebPage\",\"@id\":\"https:\/\/www.reformasvalencia.es\/fr\/projets\/local-commercial-2\/\",\"url\":\"https:\/\/www.reformasvalencia.es\/fr\/projets\/local-commercial-2\/\",\"name\":\"Arzobispo Melo - Cicerone\",\"isPartOf\":{\"@id\":\"https:\/\/www.reformasvalencia.es\/fr\/#website\"},\"datePublished\":\"2025-02-07T06:55:55+00:00\",\"dateModified\":\"2025-08-26T15:39:27+00:00\",\"description\":\"Ce projet exclusif de r\u00e9novation a vu le jour apr\u00e8s l'acquisition de deux locaux commerciaux dans le quartier de Ruzafa par une entreprise.\",\"breadcrumb\":{\"@id\":\"https:\/\/www.reformasvalencia.es\/fr\/projets\/local-commercial-2\/#breadcrumb\"},\"inLanguage\":\"fr-FR\",\"potentialAction\":[{\"@type\":\"ReadAction\",\"target\":[\"https:\/\/www.reformasvalencia.es\/fr\/projets\/local-commercial-2\/\"]}]},{\"@type\":\"BreadcrumbList\",\"@id\":\"https:\/\/www.reformasvalencia.es\/fr\/projets\/local-commercial-2\/#breadcrumb\",\"itemListElement\":[{\"@type\":\"ListItem\",\"position\":1,\"name\":\"Portada\",\"item\":\"https:\/\/www.reformasvalencia.es\/fr\/\"},{\"@type\":\"ListItem\",\"position\":2,\"name\":\"Proyectos\",\"item\":\"https:\/\/www.reformasvalencia.es\/fr\/projets\/\"},{\"@type\":\"ListItem\",\"position\":3,\"name\":\"Arzobispo Melo\"}]},{\"@type\":\"WebSite\",\"@id\":\"https:\/\/www.reformasvalencia.es\/fr\/#website\",\"url\":\"https:\/\/www.reformasvalencia.es\/fr\/\",\"name\":\"Cicerone\",\"description\":\"\",\"publisher\":{\"@id\":\"https:\/\/www.reformasvalencia.es\/fr\/#organization\"},\"potentialAction\":[{\"@type\":\"SearchAction\",\"target\":{\"@type\":\"EntryPoint\",\"urlTemplate\":\"https:\/\/www.reformasvalencia.es\/fr\/?s={search_term_string}\"},\"query-input\":{\"@type\":\"PropertyValueSpecification\",\"valueRequired\":true,\"valueName\":\"search_term_string\"}}],\"inLanguage\":\"fr-FR\"},{\"@type\":\"Organization\",\"@id\":\"https:\/\/www.reformasvalencia.es\/fr\/#organization\",\"name\":\"Cicerone\",\"url\":\"https:\/\/www.reformasvalencia.es\/fr\/\",\"logo\":{\"@type\":\"ImageObject\",\"inLanguage\":\"fr-FR\",\"@id\":\"https:\/\/www.reformasvalencia.es\/fr\/#\/schema\/logo\/image\/\",\"url\":\"https:\/\/www.reformasvalencia.es\/wp-content\/uploads\/2025\/01\/cicerone-1.jpg\",\"contentUrl\":\"https:\/\/www.reformasvalencia.es\/wp-content\/uploads\/2025\/01\/cicerone-1.jpg\",\"width\":1200,\"height\":1200,\"caption\":\"Cicerone\"},\"image\":{\"@id\":\"https:\/\/www.reformasvalencia.es\/fr\/#\/schema\/logo\/image\/\"},\"sameAs\":[\"https:\/\/www.instagram.com\/reformas_ciceronegroup\/\"]}]}<\/script>\n<!-- \/ Yoast SEO plugin. -->","yoast_head_json":{"title":"Arzobispo Melo - Cicerone","description":"Ce projet exclusif de r\u00e9novation a vu le jour apr\u00e8s l'acquisition de deux locaux commerciaux dans le quartier de Ruzafa par une entreprise.","robots":{"index":"index","follow":"follow","max-snippet":"max-snippet:-1","max-image-preview":"max-image-preview:large","max-video-preview":"max-video-preview:-1"},"canonical":"https:\/\/www.reformasvalencia.es\/fr\/projets\/local-commercial-2\/","og_locale":"fr_FR","og_type":"article","og_title":"Arzobispo Melo - Cicerone","og_description":"Ce projet exclusif de r\u00e9novation a vu le jour apr\u00e8s l'acquisition de deux locaux commerciaux dans le quartier de Ruzafa par une entreprise.","og_url":"https:\/\/www.reformasvalencia.es\/fr\/projets\/local-commercial-2\/","og_site_name":"Cicerone","article_modified_time":"2025-08-26T15:39:27+00:00","og_image":[{"width":1200,"height":765,"url":"https:\/\/www.reformasvalencia.es\/wp-content\/uploads\/2025\/01\/cicerone.jpg","type":"image\/jpeg"}],"twitter_card":"summary_large_image","twitter_misc":{"Dur\u00e9e de lecture estim\u00e9e":"2 minutes"},"schema":{"@context":"https:\/\/schema.org","@graph":[{"@type":"WebPage","@id":"https:\/\/www.reformasvalencia.es\/fr\/projets\/local-commercial-2\/","url":"https:\/\/www.reformasvalencia.es\/fr\/projets\/local-commercial-2\/","name":"Arzobispo Melo - Cicerone","isPartOf":{"@id":"https:\/\/www.reformasvalencia.es\/fr\/#website"},"datePublished":"2025-02-07T06:55:55+00:00","dateModified":"2025-08-26T15:39:27+00:00","description":"Ce projet exclusif de r\u00e9novation a vu le jour apr\u00e8s l'acquisition de deux locaux commerciaux dans le quartier de Ruzafa par une entreprise.","breadcrumb":{"@id":"https:\/\/www.reformasvalencia.es\/fr\/projets\/local-commercial-2\/#breadcrumb"},"inLanguage":"fr-FR","potentialAction":[{"@type":"ReadAction","target":["https:\/\/www.reformasvalencia.es\/fr\/projets\/local-commercial-2\/"]}]},{"@type":"BreadcrumbList","@id":"https:\/\/www.reformasvalencia.es\/fr\/projets\/local-commercial-2\/#breadcrumb","itemListElement":[{"@type":"ListItem","position":1,"name":"Portada","item":"https:\/\/www.reformasvalencia.es\/fr\/"},{"@type":"ListItem","position":2,"name":"Proyectos","item":"https:\/\/www.reformasvalencia.es\/fr\/projets\/"},{"@type":"ListItem","position":3,"name":"Arzobispo Melo"}]},{"@type":"WebSite","@id":"https:\/\/www.reformasvalencia.es\/fr\/#website","url":"https:\/\/www.reformasvalencia.es\/fr\/","name":"Cicerone","description":"","publisher":{"@id":"https:\/\/www.reformasvalencia.es\/fr\/#organization"},"potentialAction":[{"@type":"SearchAction","target":{"@type":"EntryPoint","urlTemplate":"https:\/\/www.reformasvalencia.es\/fr\/?s={search_term_string}"},"query-input":{"@type":"PropertyValueSpecification","valueRequired":true,"valueName":"search_term_string"}}],"inLanguage":"fr-FR"},{"@type":"Organization","@id":"https:\/\/www.reformasvalencia.es\/fr\/#organization","name":"Cicerone","url":"https:\/\/www.reformasvalencia.es\/fr\/","logo":{"@type":"ImageObject","inLanguage":"fr-FR","@id":"https:\/\/www.reformasvalencia.es\/fr\/#\/schema\/logo\/image\/","url":"https:\/\/www.reformasvalencia.es\/wp-content\/uploads\/2025\/01\/cicerone-1.jpg","contentUrl":"https:\/\/www.reformasvalencia.es\/wp-content\/uploads\/2025\/01\/cicerone-1.jpg","width":1200,"height":1200,"caption":"Cicerone"},"image":{"@id":"https:\/\/www.reformasvalencia.es\/fr\/#\/schema\/logo\/image\/"},"sameAs":["https:\/\/www.instagram.com\/reformas_ciceronegroup\/"]}]}},"_links":{"self":[{"href":"https:\/\/www.reformasvalencia.es\/fr\/wp-json\/wp\/v2\/proyectos\/3256","targetHints":{"allow":["GET"]}}],"collection":[{"href":"https:\/\/www.reformasvalencia.es\/fr\/wp-json\/wp\/v2\/proyectos"}],"about":[{"href":"https:\/\/www.reformasvalencia.es\/fr\/wp-json\/wp\/v2\/types\/proyectos"}],"wp:attachment":[{"href":"https:\/\/www.reformasvalencia.es\/fr\/wp-json\/wp\/v2\/media?parent=3256"}],"curies":[{"name":"wp","href":"https:\/\/api.w.org\/{rel}","templated":true}]}}

&#13;
<p>Ce projet exclusif de <strong>rénovation</strong> a vu le jour après l’acquisition de deux locaux commerciaux dans le quartier de <strong>Ruzafa </strong>par une entreprise. <br/>Bien qu&rsquo;il s&rsquo;agisse d&rsquo;un investissement immobilier, il était prévu de réaliser une élégante rénovation complète et pleine de détails de qualité.</p>&#13;
&#13;
<p>Le fait que les deux locaux commerciaux soient adjacents a permis de les fusionner pour créer un espace unique et ouvert, dominé par trois grandes fenêtres donnant sur la façade principale. La hauteur des plafonds offrait la possibilité de dissimuler les conduits de climatisation sans perdre la sensation d’amplitude. La réalisation de deux corniches garnies de lattes de bois sur un fond noir a ajouté une touche d’élégance, rompant avec la continuité et la simplicité des plafonds.  </p>&#13;
&#13;
<p>Pour conserver le design moderne et sophistiqué, le béton des colonnes a été laissé apparent et une couleur anthracite a été choisie pour les menuiseries extérieures. En contraste, un parquet stratifié à effet scié et la restauration de plusieurs murs originaux en briques apparentes apportaient de la chaleur à l’ensemble. </p>&#13;
&#13;
<p>Dans la salle de bain, l’élément principal est le mur décoratif, réalisé avec des carreaux de petit format en bleu clair. Ce mur nécessitait une exécution minutieuse et extrêmement détaillée, car la disposition des carreaux et leurs joints étaient conditionnés par l’intégration du miroir et du plan de travail sans couper aucun carreau. La couleur douce choisie pour le mur décoratif et le lavabo s’harmonise parfaitement avec les tons dorés de la robinetterie et du plan de travail.  </p>&#13;
&#13;
<p>Si vous avez besoin de r<strong>énover une propriété à Valence</strong>, Cicerone met toute son expérience et son professionnalisme à votre disposition en tant que studio d’architecture et entreprise de construction pour développer votre <strong>projet de rénovation</strong> de A à Z.</p>&#13;

<!-- This site is optimized with the Yoast SEO plugin v26.3 - https://yoast.com/wordpress/plugins/seo/ -->
<title>Arzobispo Melo - Cicerone</title>
<meta name="description" content="Ce projet exclusif de rénovation a vu le jour après l&#039;acquisition de deux locaux commerciaux dans le quartier de Ruzafa par une entreprise." />
<meta name="robots" content="index, follow, max-snippet:-1, max-image-preview:large, max-video-preview:-1" />
<link rel="canonical" href="https://www.reformasvalencia.es/fr/projets/local-commercial-2/" />
<meta property="og:locale" content="fr_FR" />
<meta property="og:type" content="article" />
<meta property="og:title" content="Arzobispo Melo - Cicerone" />
<meta property="og:description" content="Ce projet exclusif de rénovation a vu le jour après l&#039;acquisition de deux locaux commerciaux dans le quartier de Ruzafa par une entreprise." />
<meta property="og:url" content="https://www.reformasvalencia.es/fr/projets/local-commercial-2/" />
<meta property="og:site_name" content="Cicerone" />
<meta property="article:modified_time" content="2025-08-26T15:39:27+00:00" />
<meta property="og:image" content="https://www.reformasvalencia.es/wp-content/uploads/2025/01/cicerone.jpg" />
	<meta property="og:image:width" content="1200" />
	<meta property="og:image:height" content="765" />
	<meta property="og:image:type" content="image/jpeg" />
<meta name="twitter:card" content="summary_large_image" />
<meta name="twitter:label1" content="Durée de lecture estimée" />
	<meta name="twitter:data1" content="2 minutes" />
<script type="application/ld+json" class="yoast-schema-graph">{"@context":"https://schema.org","@graph":[{"@type":"WebPage","@id":"https://www.reformasvalencia.es/fr/projets/local-commercial-2/","url":"https://www.reformasvalencia.es/fr/projets/local-commercial-2/","name":"Arzobispo Melo - Cicerone","isPartOf":{"@id":"https://www.reformasvalencia.es/fr/#website"},"datePublished":"2025-02-07T06:55:55+00:00","dateModified":"2025-08-26T15:39:27+00:00","description":"Ce projet exclusif de rénovation a vu le jour après l'acquisition de deux locaux commerciaux dans le quartier de Ruzafa par une entreprise.","breadcrumb":{"@id":"https://www.reformasvalencia.es/fr/projets/local-commercial-2/#breadcrumb"},"inLanguage":"fr-FR","potentialAction":[{"@type":"ReadAction","target":["https://www.reformasvalencia.es/fr/projets/local-commercial-2/"]}]},{"@type":"BreadcrumbList","@id":"https://www.reformasvalencia.es/fr/projets/local-commercial-2/#breadcrumb","itemListElement":[{"@type":"ListItem","position":1,"name":"Portada","item":"https://www.reformasvalencia.es/fr/"},{"@type":"ListItem","position":2,"name":"Proyectos","item":"https://www.reformasvalencia.es/fr/projets/"},{"@type":"ListItem","position":3,"name":"Arzobispo Melo"}]},{"@type":"WebSite","@id":"https://www.reformasvalencia.es/fr/#website","url":"https://www.reformasvalencia.es/fr/","name":"Cicerone","description":"","publisher":{"@id":"https://www.reformasvalencia.es/fr/#organization"},"potentialAction":[{"@type":"SearchAction","target":{"@type":"EntryPoint","urlTemplate":"https://www.reformasvalencia.es/fr/?s={search_term_string}"},"query-input":{"@type":"PropertyValueSpecification","valueRequired":true,"valueName":"search_term_string"}}],"inLanguage":"fr-FR"},{"@type":"Organization","@id":"https://www.reformasvalencia.es/fr/#organization","name":"Cicerone","url":"https://www.reformasvalencia.es/fr/","logo":{"@type":"ImageObject","inLanguage":"fr-FR","@id":"https://www.reformasvalencia.es/fr/#/schema/logo/image/","url":"https://www.reformasvalencia.es/wp-content/uploads/2025/01/cicerone-1.jpg","contentUrl":"https://www.reformasvalencia.es/wp-content/uploads/2025/01/cicerone-1.jpg","width":1200,"height":1200,"caption":"Cicerone"},"image":{"@id":"https://www.reformasvalencia.es/fr/#/schema/logo/image/"},"sameAs":["https://www.instagram.com/reformas_ciceronegroup/"]}]}</script>
<!-- / Yoast SEO plugin. -->

Ce projet exclusif de rénovation a vu le jour après l'acquisition de deux locaux commerciaux dans le quartier de Ruzafa par une entreprise.
