{"id":1497,"date":"2025-02-07T09:10:26","date_gmt":"2025-02-07T08:10:26","guid":{"rendered":"https:\/\/www.reformasvalencia.es\/proyectos\/progreso\/"},"modified":"2025-03-20T17:03:46","modified_gmt":"2025-03-20T16:03:46","slug":"progreso","status":"publish","type":"proyectos","link":"https:\/\/www.reformasvalencia.es\/fr\/projets\/progreso\/","title":{"rendered":"Progreso"},"content":{"rendered":"\n<p>Ce projet de r\u00e9novation unique d&rsquo;une ancienne maison \u00e0 deux \u00e9tages situ\u00e9e sur la rue Progreso est n\u00e9 de l&rsquo;\u00e9troite collaboration entre <strong>Cicerone <\/strong>et <strong>Viruta Lab<\/strong>.<\/p>\n\n<p>Le design sobre et \u00e9l\u00e9gant du projet s\u2019\u00e9tend sur toute la propri\u00e9t\u00e9, int\u00e9grant parfaitement certains \u00e9l\u00e9ments architecturaux originaux et des d\u00e9tails de style classique tels que les cloisons en briques apparentes, les hauts plafonds avec moulures et les m\u00e9canismes \u00e9lectriques. En revanche, la <strong>r\u00e9novation<\/strong> inclut harmonieusement des \u00e9l\u00e9ments de style moderne tels que les appliques murales ou la hotte circulaire de la cuisine. En hommage \u00e0 l\u2019histoire de la maison et \u00e0 sa localisation \u00e0 El Caba\u00f1al, le choix des rev\u00eatements pour les sols et les murs r\u00e9ussit \u00e0 \u00e9voquer l\u2019atmosph\u00e8re typique des anciennes maisons de p\u00eacheurs.  <\/p>\n\n<p>La nouvelle distribution organise intelligemment les diff\u00e9rents espaces, cherchant \u00e0 maximiser l&rsquo;utilisation de la superficie r\u00e9duite de chaque \u00e9tage. Au niveau inf\u00e9rieur, un coin salon accueillant m\u00e8ne \u00e0 une cuisine simple mais \u00e9l\u00e9gante, compos\u00e9e uniquement de meubles bas laqu\u00e9s en couleur ch\u00eane teint\u00e9. \u00c0 c\u00f4t\u00e9 de la cuisine, un panneau en bois du m\u00eame ton int\u00e8gre discr\u00e8tement la porte donnant acc\u00e8s \u00e0 une salle de bains compl\u00e8te.  <\/p>\n\n<p>Au niveau sup\u00e9rieur, deux chambres doubles avec une salle de bains partag\u00e9e qui s\u00e9pare les deux espaces constituent l&rsquo;\u00e9tage. Le travail exquis et m\u00e9ticuleux de menuiserie \u00e0 cet \u00e9tage m\u00e9rite une mention sp\u00e9ciale. Les deux cloisons s\u00e9parant la salle de bains des chambres sont recouvertes sur toutes leurs faces par un grand panneau en bois qui abrite deux portes d&rsquo;origine de la maison, r\u00e9habilit\u00e9es et adapt\u00e9es pour \u00eatre utilis\u00e9es comme portes coulissantes. Les guides cach\u00e9es dans le plafond permettent de d\u00e9placer les portes pour bloquer l&rsquo;acc\u00e8s \u00e0 l&rsquo;une ou l&rsquo;autre des ouvertures en fonction des besoins. Une petite \u00e9chelle recouverte de micro-ciment relie cet \u00e9tage au toit, o\u00f9 une grande terrasse permet de profiter du climat m\u00e9diterran\u00e9en pratiquement \u00e0 toute \u00e9poque de l&rsquo;ann\u00e9e.<\/p>\n\n<p>Si vous souhaitez <strong>r\u00e9nover une maison \u00e0 Valence<\/strong>, <strong>Cicerone<\/strong> est \u00e0 votre disposition pour r\u00e9aliser votre<strong> projet de r\u00e9novation<\/strong>. Notre vaste exp\u00e9rience nous permet de nous positionner comme une <strong>entreprise de construction<\/strong> leader \u00e0 <strong>Valence<\/strong>. <\/p>\n\n<p><\/p>\n","protected":false},"template":"","class_list":["post-1497","proyectos","type-proyectos","status-publish","hentry"],"yoast_head":"<!-- This site is optimized with the Yoast SEO plugin v26.3 - https:\/\/yoast.com\/wordpress\/plugins\/seo\/ -->\n<title>Cicerone | Proyecto Progreso<\/title>\n<meta name=\"description\" content=\"Projet d&#039;architecture singulier, coh\u00e9rent avec la r\u00e9forme int\u00e9grale d&#039;une ancienne maison de deux hauteurs situ\u00e9e dans la Calle Progreso.\" \/>\n<meta name=\"robots\" content=\"index, follow, max-snippet:-1, max-image-preview:large, max-video-preview:-1\" \/>\n<link rel=\"canonical\" href=\"https:\/\/www.reformasvalencia.es\/fr\/projets\/progreso\/\" \/>\n<meta property=\"og:locale\" content=\"fr_FR\" \/>\n<meta property=\"og:type\" content=\"article\" \/>\n<meta property=\"og:title\" content=\"Cicerone | Proyecto Progreso\" \/>\n<meta property=\"og:description\" content=\"Projet d&#039;architecture singulier, coh\u00e9rent avec la r\u00e9forme int\u00e9grale d&#039;une ancienne maison de deux hauteurs situ\u00e9e dans la Calle Progreso.\" \/>\n<meta property=\"og:url\" content=\"https:\/\/www.reformasvalencia.es\/fr\/projets\/progreso\/\" \/>\n<meta property=\"og:site_name\" content=\"Cicerone\" \/>\n<meta property=\"article:modified_time\" content=\"2025-03-20T16:03:46+00:00\" \/>\n<meta property=\"og:image\" content=\"https:\/\/www.reformasvalencia.es\/wp-content\/uploads\/2024\/11\/cicerone-proyecto-progreso-postseo.jpg\" \/>\n\t<meta property=\"og:image:width\" content=\"1200\" \/>\n\t<meta property=\"og:image:height\" content=\"630\" \/>\n\t<meta property=\"og:image:type\" content=\"image\/jpeg\" \/>\n<meta name=\"twitter:card\" content=\"summary_large_image\" \/>\n<meta name=\"twitter:title\" content=\"Cicerone | Proyecto Progreso\" \/>\n<meta name=\"twitter:description\" content=\"Projet d&#039;architecture singulier, coh\u00e9rent avec la r\u00e9forme int\u00e9grale d&#039;une ancienne maison de deux hauteurs situ\u00e9e dans la Calle Progreso.\" \/>\n<meta name=\"twitter:image\" content=\"https:\/\/www.reformasvalencia.es\/wp-content\/uploads\/2024\/11\/cicerone-proyecto-progreso-postseo.jpg\" \/>\n<meta name=\"twitter:label1\" content=\"Dur\u00e9e de lecture estim\u00e9e\" \/>\n\t<meta name=\"twitter:data1\" content=\"2 minutes\" \/>\n<script type=\"application\/ld+json\" class=\"yoast-schema-graph\">{\"@context\":\"https:\/\/schema.org\",\"@graph\":[{\"@type\":\"WebPage\",\"@id\":\"https:\/\/www.reformasvalencia.es\/fr\/projets\/progreso\/\",\"url\":\"https:\/\/www.reformasvalencia.es\/fr\/projets\/progreso\/\",\"name\":\"Cicerone | Proyecto Progreso\",\"isPartOf\":{\"@id\":\"https:\/\/www.reformasvalencia.es\/fr\/#website\"},\"datePublished\":\"2025-02-07T08:10:26+00:00\",\"dateModified\":\"2025-03-20T16:03:46+00:00\",\"description\":\"Projet d'architecture singulier, coh\u00e9rent avec la r\u00e9forme int\u00e9grale d'une ancienne maison de deux hauteurs situ\u00e9e dans la Calle Progreso.\",\"breadcrumb\":{\"@id\":\"https:\/\/www.reformasvalencia.es\/fr\/projets\/progreso\/#breadcrumb\"},\"inLanguage\":\"fr-FR\",\"potentialAction\":[{\"@type\":\"ReadAction\",\"target\":[\"https:\/\/www.reformasvalencia.es\/fr\/projets\/progreso\/\"]}]},{\"@type\":\"BreadcrumbList\",\"@id\":\"https:\/\/www.reformasvalencia.es\/fr\/projets\/progreso\/#breadcrumb\",\"itemListElement\":[{\"@type\":\"ListItem\",\"position\":1,\"name\":\"Portada\",\"item\":\"https:\/\/www.reformasvalencia.es\/fr\/\"},{\"@type\":\"ListItem\",\"position\":2,\"name\":\"Proyectos\",\"item\":\"https:\/\/www.reformasvalencia.es\/fr\/projets\/\"},{\"@type\":\"ListItem\",\"position\":3,\"name\":\"Progreso\"}]},{\"@type\":\"WebSite\",\"@id\":\"https:\/\/www.reformasvalencia.es\/fr\/#website\",\"url\":\"https:\/\/www.reformasvalencia.es\/fr\/\",\"name\":\"Cicerone\",\"description\":\"\",\"publisher\":{\"@id\":\"https:\/\/www.reformasvalencia.es\/fr\/#organization\"},\"potentialAction\":[{\"@type\":\"SearchAction\",\"target\":{\"@type\":\"EntryPoint\",\"urlTemplate\":\"https:\/\/www.reformasvalencia.es\/fr\/?s={search_term_string}\"},\"query-input\":{\"@type\":\"PropertyValueSpecification\",\"valueRequired\":true,\"valueName\":\"search_term_string\"}}],\"inLanguage\":\"fr-FR\"},{\"@type\":\"Organization\",\"@id\":\"https:\/\/www.reformasvalencia.es\/fr\/#organization\",\"name\":\"Cicerone\",\"url\":\"https:\/\/www.reformasvalencia.es\/fr\/\",\"logo\":{\"@type\":\"ImageObject\",\"inLanguage\":\"fr-FR\",\"@id\":\"https:\/\/www.reformasvalencia.es\/fr\/#\/schema\/logo\/image\/\",\"url\":\"https:\/\/www.reformasvalencia.es\/wp-content\/uploads\/2025\/01\/cicerone-1.jpg\",\"contentUrl\":\"https:\/\/www.reformasvalencia.es\/wp-content\/uploads\/2025\/01\/cicerone-1.jpg\",\"width\":1200,\"height\":1200,\"caption\":\"Cicerone\"},\"image\":{\"@id\":\"https:\/\/www.reformasvalencia.es\/fr\/#\/schema\/logo\/image\/\"},\"sameAs\":[\"https:\/\/www.instagram.com\/reformas_ciceronegroup\/\"]}]}<\/script>\n<!-- \/ Yoast SEO plugin. -->","yoast_head_json":{"title":"Cicerone | Proyecto Progreso","description":"Projet d'architecture singulier, coh\u00e9rent avec la r\u00e9forme int\u00e9grale d'une ancienne maison de deux hauteurs situ\u00e9e dans la Calle Progreso.","robots":{"index":"index","follow":"follow","max-snippet":"max-snippet:-1","max-image-preview":"max-image-preview:large","max-video-preview":"max-video-preview:-1"},"canonical":"https:\/\/www.reformasvalencia.es\/fr\/projets\/progreso\/","og_locale":"fr_FR","og_type":"article","og_title":"Cicerone | Proyecto Progreso","og_description":"Projet d'architecture singulier, coh\u00e9rent avec la r\u00e9forme int\u00e9grale d'une ancienne maison de deux hauteurs situ\u00e9e dans la Calle Progreso.","og_url":"https:\/\/www.reformasvalencia.es\/fr\/projets\/progreso\/","og_site_name":"Cicerone","article_modified_time":"2025-03-20T16:03:46+00:00","og_image":[{"width":1200,"height":630,"url":"https:\/\/www.reformasvalencia.es\/wp-content\/uploads\/2024\/11\/cicerone-proyecto-progreso-postseo.jpg","type":"image\/jpeg"}],"twitter_card":"summary_large_image","twitter_title":"Cicerone | Proyecto Progreso","twitter_description":"Projet d'architecture singulier, coh\u00e9rent avec la r\u00e9forme int\u00e9grale d'une ancienne maison de deux hauteurs situ\u00e9e dans la Calle Progreso.","twitter_image":"https:\/\/www.reformasvalencia.es\/wp-content\/uploads\/2024\/11\/cicerone-proyecto-progreso-postseo.jpg","twitter_misc":{"Dur\u00e9e de lecture estim\u00e9e":"2 minutes"},"schema":{"@context":"https:\/\/schema.org","@graph":[{"@type":"WebPage","@id":"https:\/\/www.reformasvalencia.es\/fr\/projets\/progreso\/","url":"https:\/\/www.reformasvalencia.es\/fr\/projets\/progreso\/","name":"Cicerone | Proyecto Progreso","isPartOf":{"@id":"https:\/\/www.reformasvalencia.es\/fr\/#website"},"datePublished":"2025-02-07T08:10:26+00:00","dateModified":"2025-03-20T16:03:46+00:00","description":"Projet d'architecture singulier, coh\u00e9rent avec la r\u00e9forme int\u00e9grale d'une ancienne maison de deux hauteurs situ\u00e9e dans la Calle Progreso.","breadcrumb":{"@id":"https:\/\/www.reformasvalencia.es\/fr\/projets\/progreso\/#breadcrumb"},"inLanguage":"fr-FR","potentialAction":[{"@type":"ReadAction","target":["https:\/\/www.reformasvalencia.es\/fr\/projets\/progreso\/"]}]},{"@type":"BreadcrumbList","@id":"https:\/\/www.reformasvalencia.es\/fr\/projets\/progreso\/#breadcrumb","itemListElement":[{"@type":"ListItem","position":1,"name":"Portada","item":"https:\/\/www.reformasvalencia.es\/fr\/"},{"@type":"ListItem","position":2,"name":"Proyectos","item":"https:\/\/www.reformasvalencia.es\/fr\/projets\/"},{"@type":"ListItem","position":3,"name":"Progreso"}]},{"@type":"WebSite","@id":"https:\/\/www.reformasvalencia.es\/fr\/#website","url":"https:\/\/www.reformasvalencia.es\/fr\/","name":"Cicerone","description":"","publisher":{"@id":"https:\/\/www.reformasvalencia.es\/fr\/#organization"},"potentialAction":[{"@type":"SearchAction","target":{"@type":"EntryPoint","urlTemplate":"https:\/\/www.reformasvalencia.es\/fr\/?s={search_term_string}"},"query-input":{"@type":"PropertyValueSpecification","valueRequired":true,"valueName":"search_term_string"}}],"inLanguage":"fr-FR"},{"@type":"Organization","@id":"https:\/\/www.reformasvalencia.es\/fr\/#organization","name":"Cicerone","url":"https:\/\/www.reformasvalencia.es\/fr\/","logo":{"@type":"ImageObject","inLanguage":"fr-FR","@id":"https:\/\/www.reformasvalencia.es\/fr\/#\/schema\/logo\/image\/","url":"https:\/\/www.reformasvalencia.es\/wp-content\/uploads\/2025\/01\/cicerone-1.jpg","contentUrl":"https:\/\/www.reformasvalencia.es\/wp-content\/uploads\/2025\/01\/cicerone-1.jpg","width":1200,"height":1200,"caption":"Cicerone"},"image":{"@id":"https:\/\/www.reformasvalencia.es\/fr\/#\/schema\/logo\/image\/"},"sameAs":["https:\/\/www.instagram.com\/reformas_ciceronegroup\/"]}]}},"_links":{"self":[{"href":"https:\/\/www.reformasvalencia.es\/fr\/wp-json\/wp\/v2\/proyectos\/1497","targetHints":{"allow":["GET"]}}],"collection":[{"href":"https:\/\/www.reformasvalencia.es\/fr\/wp-json\/wp\/v2\/proyectos"}],"about":[{"href":"https:\/\/www.reformasvalencia.es\/fr\/wp-json\/wp\/v2\/types\/proyectos"}],"wp:attachment":[{"href":"https:\/\/www.reformasvalencia.es\/fr\/wp-json\/wp\/v2\/media?parent=1497"}],"curies":[{"name":"wp","href":"https:\/\/api.w.org\/{rel}","templated":true}]}}

<p>Ce projet de rénovation unique d&rsquo;une ancienne maison à deux étages située sur la rue Progreso est né de l&rsquo;étroite collaboration entre <strong>Cicerone </strong>et <strong>Viruta Lab</strong>.</p>

<p>Le design sobre et élégant du projet s’étend sur toute la propriété, intégrant parfaitement certains éléments architecturaux originaux et des détails de style classique tels que les cloisons en briques apparentes, les hauts plafonds avec moulures et les mécanismes électriques. En revanche, la <strong>rénovation</strong> inclut harmonieusement des éléments de style moderne tels que les appliques murales ou la hotte circulaire de la cuisine. En hommage à l’histoire de la maison et à sa localisation à El Cabañal, le choix des revêtements pour les sols et les murs réussit à évoquer l’atmosphère typique des anciennes maisons de pêcheurs.  </p>

<p>La nouvelle distribution organise intelligemment les différents espaces, cherchant à maximiser l&rsquo;utilisation de la superficie réduite de chaque étage. Au niveau inférieur, un coin salon accueillant mène à une cuisine simple mais élégante, composée uniquement de meubles bas laqués en couleur chêne teinté. À côté de la cuisine, un panneau en bois du même ton intègre discrètement la porte donnant accès à une salle de bains complète.  </p>

<p>Au niveau supérieur, deux chambres doubles avec une salle de bains partagée qui sépare les deux espaces constituent l&rsquo;étage. Le travail exquis et méticuleux de menuiserie à cet étage mérite une mention spéciale. Les deux cloisons séparant la salle de bains des chambres sont recouvertes sur toutes leurs faces par un grand panneau en bois qui abrite deux portes d&rsquo;origine de la maison, réhabilitées et adaptées pour être utilisées comme portes coulissantes. Les guides cachées dans le plafond permettent de déplacer les portes pour bloquer l&rsquo;accès à l&rsquo;une ou l&rsquo;autre des ouvertures en fonction des besoins. Une petite échelle recouverte de micro-ciment relie cet étage au toit, où une grande terrasse permet de profiter du climat méditerranéen pratiquement à toute époque de l&rsquo;année.</p>

<p>Si vous souhaitez <strong>rénover une maison à Valence</strong>, <strong>Cicerone</strong> est à votre disposition pour réaliser votre<strong> projet de rénovation</strong>. Notre vaste expérience nous permet de nous positionner comme une <strong>entreprise de construction</strong> leader à <strong>Valence</strong>. </p>

<p></p>

<!-- This site is optimized with the Yoast SEO plugin v26.3 - https://yoast.com/wordpress/plugins/seo/ -->
<title>Cicerone | Proyecto Progreso</title>
<meta name="description" content="Projet d&#039;architecture singulier, cohérent avec la réforme intégrale d&#039;une ancienne maison de deux hauteurs située dans la Calle Progreso." />
<meta name="robots" content="index, follow, max-snippet:-1, max-image-preview:large, max-video-preview:-1" />
<link rel="canonical" href="https://www.reformasvalencia.es/fr/projets/progreso/" />
<meta property="og:locale" content="fr_FR" />
<meta property="og:type" content="article" />
<meta property="og:title" content="Cicerone | Proyecto Progreso" />
<meta property="og:description" content="Projet d&#039;architecture singulier, cohérent avec la réforme intégrale d&#039;une ancienne maison de deux hauteurs située dans la Calle Progreso." />
<meta property="og:url" content="https://www.reformasvalencia.es/fr/projets/progreso/" />
<meta property="og:site_name" content="Cicerone" />
<meta property="article:modified_time" content="2025-03-20T16:03:46+00:00" />
<meta property="og:image" content="https://www.reformasvalencia.es/wp-content/uploads/2024/11/cicerone-proyecto-progreso-postseo.jpg" />
	<meta property="og:image:width" content="1200" />
	<meta property="og:image:height" content="630" />
	<meta property="og:image:type" content="image/jpeg" />
<meta name="twitter:card" content="summary_large_image" />
<meta name="twitter:title" content="Cicerone | Proyecto Progreso" />
<meta name="twitter:description" content="Projet d&#039;architecture singulier, cohérent avec la réforme intégrale d&#039;une ancienne maison de deux hauteurs située dans la Calle Progreso." />
<meta name="twitter:image" content="https://www.reformasvalencia.es/wp-content/uploads/2024/11/cicerone-proyecto-progreso-postseo.jpg" />
<meta name="twitter:label1" content="Durée de lecture estimée" />
	<meta name="twitter:data1" content="2 minutes" />
<script type="application/ld+json" class="yoast-schema-graph">{"@context":"https://schema.org","@graph":[{"@type":"WebPage","@id":"https://www.reformasvalencia.es/fr/projets/progreso/","url":"https://www.reformasvalencia.es/fr/projets/progreso/","name":"Cicerone | Proyecto Progreso","isPartOf":{"@id":"https://www.reformasvalencia.es/fr/#website"},"datePublished":"2025-02-07T08:10:26+00:00","dateModified":"2025-03-20T16:03:46+00:00","description":"Projet d'architecture singulier, cohérent avec la réforme intégrale d'une ancienne maison de deux hauteurs située dans la Calle Progreso.","breadcrumb":{"@id":"https://www.reformasvalencia.es/fr/projets/progreso/#breadcrumb"},"inLanguage":"fr-FR","potentialAction":[{"@type":"ReadAction","target":["https://www.reformasvalencia.es/fr/projets/progreso/"]}]},{"@type":"BreadcrumbList","@id":"https://www.reformasvalencia.es/fr/projets/progreso/#breadcrumb","itemListElement":[{"@type":"ListItem","position":1,"name":"Portada","item":"https://www.reformasvalencia.es/fr/"},{"@type":"ListItem","position":2,"name":"Proyectos","item":"https://www.reformasvalencia.es/fr/projets/"},{"@type":"ListItem","position":3,"name":"Progreso"}]},{"@type":"WebSite","@id":"https://www.reformasvalencia.es/fr/#website","url":"https://www.reformasvalencia.es/fr/","name":"Cicerone","description":"","publisher":{"@id":"https://www.reformasvalencia.es/fr/#organization"},"potentialAction":[{"@type":"SearchAction","target":{"@type":"EntryPoint","urlTemplate":"https://www.reformasvalencia.es/fr/?s={search_term_string}"},"query-input":{"@type":"PropertyValueSpecification","valueRequired":true,"valueName":"search_term_string"}}],"inLanguage":"fr-FR"},{"@type":"Organization","@id":"https://www.reformasvalencia.es/fr/#organization","name":"Cicerone","url":"https://www.reformasvalencia.es/fr/","logo":{"@type":"ImageObject","inLanguage":"fr-FR","@id":"https://www.reformasvalencia.es/fr/#/schema/logo/image/","url":"https://www.reformasvalencia.es/wp-content/uploads/2025/01/cicerone-1.jpg","contentUrl":"https://www.reformasvalencia.es/wp-content/uploads/2025/01/cicerone-1.jpg","width":1200,"height":1200,"caption":"Cicerone"},"image":{"@id":"https://www.reformasvalencia.es/fr/#/schema/logo/image/"},"sameAs":["https://www.instagram.com/reformas_ciceronegroup/"]}]}</script>
<!-- / Yoast SEO plugin. -->

Projet d'architecture singulier, cohérent avec la réforme intégrale d'une ancienne maison de deux hauteurs située dans la Calle Progreso.
